[INFO] cloning repository https://github.com/Suppr/progress-to-keyboard
[INFO] running `Command { std: "git" "-c" "credential.helper=" "-c" "credential.helper=/workspace/cargo-home/bin/git-credential-null" "clone" "--bare" "https://github.com/Suppr/progress-to-keyboard" "/workspace/cache/git-repos/https%3A%2F%2Fgithub.com%2FSuppr%2Fprogress-to-keyboard", kill_on_drop: false }`
[INFO] [stderr] Cloning into bare repository '/workspace/cache/git-repos/https%3A%2F%2Fgithub.com%2FSuppr%2Fprogress-to-keyboard'...
[INFO] running `Command { std: "git" "rev-parse" "HEAD", kill_on_drop: false }`
[INFO] [stdout] b0d9091ba520eb59a632e71bb15e0932c7bea200
[INFO] building Suppr/progress-to-keyboard against master#881c1ac408d93bb7adaa3a51dabab9266e82eee8 for issue-85264
[INFO] running `Command { std: "git" "clone" "/workspace/cache/git-repos/https%3A%2F%2Fgithub.com%2FSuppr%2Fprogress-to-keyboard" "/workspace/builds/worker-1/source", kill_on_drop: false }`
[INFO] [stderr] Cloning into '/workspace/builds/worker-1/source'...
[INFO] [stderr] done.
[INFO] validating manifest of git repo https://github.com/Suppr/progress-to-keyboard on toolchain 881c1ac408d93bb7adaa3a51dabab9266e82eee8
[INFO] running `Command { std: "/workspace/cargo-home/bin/cargo" "+881c1ac408d93bb7adaa3a51dabab9266e82eee8" "metadata" "--manifest-path" "Cargo.toml" "--no-deps", kill_on_drop: false }`
[INFO] started tweaking git repo https://github.com/Suppr/progress-to-keyboard
[INFO] finished tweaking git repo https://github.com/Suppr/progress-to-keyboard
[INFO] tweaked toml for git repo https://github.com/Suppr/progress-to-keyboard written to /workspace/builds/worker-1/source/Cargo.toml
[INFO] crate git repo https://github.com/Suppr/progress-to-keyboard already has a lockfile, it will not be regenerated
[INFO] running `Command { std: "/workspace/cargo-home/bin/cargo" "+881c1ac408d93bb7adaa3a51dabab9266e82eee8" "fetch" "--manifest-path" "Cargo.toml", kill_on_drop: false }`
[INFO] [stderr]     Blocking waiting for file lock on package cache
[INFO] [stderr]  Downloading crates ...
[INFO] [stderr]   Downloaded output_vt100 v0.1.2
[INFO] [stderr]   Downloaded syn v1.0.22
[INFO] [stderr]   Downloaded ktmw32-sys v0.1.1
[INFO] [stderr]   Downloaded pastel v0.7.1
[INFO] [stderr]   Downloaded winreg v0.4.0
[INFO] running `Command { std: "docker" "create" "-v" "/var/lib/crater-agent-workspace/builds/worker-1/target:/opt/rustwide/target:rw,Z" "-v" "/var/lib/crater-agent-workspace/builds/worker-1/source:/opt/rustwide/workdir:ro,Z" "-v" "/var/lib/crater-agent-workspace/cargo-home:/opt/rustwide/cargo-home:ro,Z" "-v" "/var/lib/crater-agent-workspace/rustup-home:/opt/rustwide/rustup-home:ro,Z" "-e" "SOURCE_DIR=/opt/rustwide/workdir" "-e" "CARGO_TARGET_DIR=/opt/rustwide/target" "-e" "CARGO_HOME=/opt/rustwide/cargo-home" "-e" "RUSTUP_HOME=/opt/rustwide/rustup-home" "-w" "/opt/rustwide/workdir" "-m" "1610612736" "--user" "0:0" "--network" "none" "ghcr.io/rust-lang/crates-build-env/linux@sha256:20528e8c29e4536546f0102ce88568b16ea7538393a33fcca951030f7af10457" "/opt/rustwide/cargo-home/bin/cargo" "+881c1ac408d93bb7adaa3a51dabab9266e82eee8" "metadata" "--no-deps" "--format-version=1", kill_on_drop: false }`
[INFO] [stdout] a84886c7452fc72af873852637def55c8eb32161ce26b723f900f922d5e55402
[INFO] [stderr] WARNING: Your kernel does not support swap limit capabilities or the cgroup is not mounted. Memory limited without swap.
[INFO] running `Command { std: "docker" "start" "-a" "a84886c7452fc72af873852637def55c8eb32161ce26b723f900f922d5e55402", kill_on_drop: false }`
[INFO] running `Command { std: "docker" "inspect" "a84886c7452fc72af873852637def55c8eb32161ce26b723f900f922d5e55402", kill_on_drop: false }`
[INFO] running `Command { std: "docker" "rm" "-f" "a84886c7452fc72af873852637def55c8eb32161ce26b723f900f922d5e55402", kill_on_drop: false }`
[INFO] [stdout] a84886c7452fc72af873852637def55c8eb32161ce26b723f900f922d5e55402
[INFO] running `Command { std: "docker" "create" "-v" "/var/lib/crater-agent-workspace/builds/worker-1/target:/opt/rustwide/target:rw,Z" "-v" "/var/lib/crater-agent-workspace/builds/worker-1/source:/opt/rustwide/workdir:ro,Z" "-v" "/var/lib/crater-agent-workspace/cargo-home:/opt/rustwide/cargo-home:ro,Z" "-v" "/var/lib/crater-agent-workspace/rustup-home:/opt/rustwide/rustup-home:ro,Z" "-e" "SOURCE_DIR=/opt/rustwide/workdir" "-e" "CARGO_TARGET_DIR=/opt/rustwide/target" "-e" "CARGO_INCREMENTAL=0" "-e" "RUST_BACKTRACE=full" "-e" "RUSTFLAGS=--cap-lints=forbid" "-e" "CARGO_HOME=/opt/rustwide/cargo-home" "-e" "RUSTUP_HOME=/opt/rustwide/rustup-home" "-w" "/opt/rustwide/workdir" "-m" "1610612736" "--user" "0:0" "--network" "none" "ghcr.io/rust-lang/crates-build-env/linux@sha256:20528e8c29e4536546f0102ce88568b16ea7538393a33fcca951030f7af10457" "/opt/rustwide/cargo-home/bin/cargo" "+881c1ac408d93bb7adaa3a51dabab9266e82eee8" "build" "--frozen" "--message-format=json", kill_on_drop: false }`
[INFO] [stderr] WARNING: Your kernel does not support swap limit capabilities or the cgroup is not mounted. Memory limited without swap.
[INFO] [stdout] 849ab9a538d7300fd8925308951b6da1e554647f0b8d84c3e65ffd1a98a2e0c4
[INFO] running `Command { std: "docker" "start" "-a" "849ab9a538d7300fd8925308951b6da1e554647f0b8d84c3e65ffd1a98a2e0c4", kill_on_drop: false }`
[INFO] [stderr]    Compiling bitflags v1.2.1
[INFO] [stderr]    Compiling winapi v0.3.8
[INFO] [stderr]    Compiling proc-macro2 v1.0.13
[INFO] [stderr]    Compiling unicode-xid v0.2.0
[INFO] [stderr]    Compiling cfg-if v0.1.9
[INFO] [stderr]    Compiling memchr v2.3.3
[INFO] [stderr]    Compiling getrandom v0.1.14
[INFO] [stderr]    Compiling syn v1.0.22
[INFO] [stderr]    Compiling unicode-width v0.1.7
[INFO] [stderr]    Compiling lazy_static v1.4.0
[INFO] [stderr]    Compiling ryu v1.0.5
[INFO] [stderr]    Compiling ansi_term v0.11.0
[INFO] [stderr]    Compiling nodrop v0.1.14
[INFO] [stderr]    Compiling version_check v0.9.2
[INFO] [stderr]    Compiling vec_map v0.8.2
[INFO] [stderr]    Compiling serde v1.0.110
[INFO] [stderr]    Compiling strsim v0.8.0
[INFO] [stderr]    Compiling linked-hash-map v0.5.3
[INFO] [stderr]    Compiling ppv-lite86 v0.2.8
[INFO] [stderr]    Compiling regex-syntax v0.6.18
[INFO] [stderr]    Compiling term_size v0.3.2
[INFO] [stderr]    Compiling lexical-core v0.6.7
[INFO] [stderr]    Compiling arrayvec v0.4.12
[INFO] [stderr]    Compiling textwrap v0.11.0
[INFO] [stderr]    Compiling thread_local v1.0.1
[INFO] [stderr]    Compiling yaml-rust v0.4.3
[INFO] [stderr]    Compiling nom v5.1.1
[INFO] [stderr]    Compiling aho-corasick v0.7.10
[INFO] [stderr]    Compiling rand_core v0.5.1
[INFO] [stderr]    Compiling clap v2.33.1
[INFO] [stderr]    Compiling logitech-led-sys v1.0.0 (/opt/rustwide/workdir/src/keyboard/logitech-led/logitech-led-sys)
[INFO] [stderr]    Compiling output_vt100 v0.1.2
[INFO] [stderr]    Compiling winamp_sys v0.1.0 (/opt/rustwide/workdir/winamp/winamp_sys)
[INFO] [stderr]    Compiling rand_chacha v0.2.2
[INFO] [stdout] error[E0433]: failed to resolve: could not find `shared` in `winapi`
[INFO] [stdout]  --> winamp/winamp_sys/src/lib.rs:2:13
[INFO] [stdout]   |
[INFO] [stdout] 2 | use winapi::shared::minwindef::{LPARAM, WPARAM, HINSTANCE, HMODULE};
[INFO] [stdout]   |             ^^^^^^ could not find `shared` in `winapi`
[INFO] [stdout] 
[INFO] [stdout] 
[INFO] [stdout] error[E0433]: failed to resolve: could not find `shared` in `winapi`
[INFO] [stdout]  --> winamp/winamp_sys/src/lib.rs:3:13
[INFO] [stdout]   |
[INFO] [stdout] 3 | use winapi::shared::windef::{HWND,HBITMAP,RECT};
[INFO] [stdout]   |             ^^^^^^ could not find `shared` in `winapi`
[INFO] [stdout] 
[INFO] [stdout] 
[INFO] [stdout] error[E0433]: failed to resolve: could not find `shared` in `winapi`
[INFO] [stdout]  --> winamp/winamp_sys/src/lib.rs:4:13
[INFO] [stdout]   |
[INFO] [stdout] 4 | use winapi::shared::ntdef::HANDLE;
[INFO] [stdout]   |             ^^^^^^ could not find `shared` in `winapi`
[INFO] [stdout] 
[INFO] [stdout] 
[INFO] [stdout] error[E0433]: failed to resolve: could not find `shared` in `winapi`
[INFO] [stdout]  --> winamp/winamp_sys/src/lib.rs:5:13
[INFO] [stdout]   |
[INFO] [stdout] 5 | use winapi::shared::guiddef::GUID;
[INFO] [stdout]   |             ^^^^^^ could not find `shared` in `winapi`
[INFO] [stdout] 
[INFO] [stdout] 
[INFO] [stdout] error[E0433]: failed to resolve: could not find `um` in `winapi`
[INFO] [stdout]  --> winamp/winamp_sys/src/lib.rs:6:13
[INFO] [stdout]   |
[INFO] [stdout] 6 | use winapi::um::winuser::NMHDR;
[INFO] [stdout]   |             ^^ could not find `um` in `winapi`
[INFO] [stdout] 
[INFO] [stdout] 
[INFO] [stdout] error[E0277]: `Handle` doesn't implement `Debug`
[INFO] [stdout]    --> src/keyboard/logitech-led/logitech-led-sys/src/lib.rs:203:5
[INFO] [stdout]     |
[INFO] [stdout] 203 |     _handle: platform::Handle,
[INFO] [stdout]     |     ^^^^^^^^^^^^^^^^^^^^^^^^^ `Handle` cannot be formatted using `{:?}`
[INFO] [stdout]     |
[INFO] [stdout]     = help: the trait `Debug` is not implemented for `Handle`
[INFO] [stdout]     = note: add `#[derive(Debug)]` or manually implement `Debug`
[INFO] [stdout]     = note: required because of the requirements on the impl of `Debug` for `&Handle`
[INFO] [stdout]     = note: required for the cast to the object type `dyn Debug`
[INFO] [stdout]     = note: this error originates in a derive macro (in Nightly builds, run with -Z macro-backtrace for more info)
[INFO] [stdout] 
[INFO] [stdout] 
[INFO] [stdout] error: aborting due to previous error
[INFO] [stdout] 
[INFO] [stdout] 
[INFO] [stdout] For more information about this error, try `rustc --explain E0277`.
[INFO] [stdout] 
[INFO] [stderr] error: could not compile `logitech-led-sys`
[INFO] [stderr] 
[INFO] [stderr] To learn more, run the command again with --verbose.
[INFO] [stderr] warning: build failed, waiting for other jobs to finish...
[INFO] [stdout] error[E0412]: cannot find type `LPARAM` in this scope
[INFO] [stdout]  --> winamp/winamp_sys/src/from_bindgen.rs:3:27
[INFO] [stdout]   |
[INFO] [stdout] 3 | pub const IPC_GETVERSION: LPARAM = 0;
[INFO] [stdout]   |                           ^^^^^^ not found in this scope
[INFO] [stdout] 
[INFO] [stdout] 
[INFO] [stdout] error[E0412]: cannot find type `LPARAM` in this scope
[INFO] [stdout]  --> winamp/winamp_sys/src/from_bindgen.rs:4:33
[INFO] [stdout]   |
[INFO] [stdout] 4 | pub const IPC_GETVERSIONSTRING: LPARAM = 1;
[INFO] [stdout]   |                                 ^^^^^^ not found in this scope
[INFO] [stdout] 
[INFO] [stdout] 
[INFO] [stdout] error[E0412]: cannot find type `LPARAM` in this scope
[INFO] [stdout]  --> winamp/winamp_sys/src/from_bindgen.rs:5:37
[INFO] [stdout]   |
[INFO] [stdout] 5 | pub const IPC_GETREGISTEREDVERSION: LPARAM = 770;
[INFO] [stdout]   |                                     ^^^^^^ not found in this scope
[INFO] [stdout] 
[INFO] [stdout] 
[INFO] [stdout] error[E0412]: cannot find type `LPARAM` in this scope
[INFO] [stdout]  --> winamp/winamp_sys/src/from_bindgen.rs:6:28
[INFO] [stdout]   |
[INFO] [stdout] 6 | pub const IPC_IS_SAFEMODE: LPARAM = 999;
[INFO] [stdout]   |                            ^^^^^^ not found in this scope
[INFO] [stdout] 
[INFO] [stdout] 
[INFO] [stdout] error[E0412]: cannot find type `LPARAM` in this scope
[INFO] [stdout]  --> winamp/winamp_sys/src/from_bindgen.rs:7:25
[INFO] [stdout]   |
[INFO] [stdout] 7 | pub const IPC_PLAYFILE: LPARAM = 100;
[INFO] [stdout]   |                         ^^^^^^ not found in this scope
[INFO] [stdout] 
[INFO] [stdout] 
[INFO] [stdout] error[E0412]: cannot find type `LPARAM` in this scope
[INFO] [stdout]  --> winamp/winamp_sys/src/from_bindgen.rs:8:28
[INFO] [stdout]   |
[INFO] [stdout] 8 | pub const IPC_ENQUEUEFILE: LPARAM = 100;
[INFO] [stdout]   |                            ^^^^^^ not found in this scope
[INFO] [stdout] 
[INFO] [stdout] 
[INFO] [stdout] error[E0412]: cannot find type `LPARAM` in this scope
[INFO] [stdout]  --> winamp/winamp_sys/src/from_bindgen.rs:9:26
[INFO] [stdout]   |
[INFO] [stdout] 9 | pub const IPC_PLAYFILEW: LPARAM = 1100;
[INFO] [stdout]   |                          ^^^^^^ not found in this scope
[INFO] [stdout] 
[INFO] [stdout] 
[INFO] [stdout] error[E0412]: cannot find type `LPARAM` in this scope
[INFO] [stdout]   --> winamp/winamp_sys/src/from_bindgen.rs:10:29
[INFO] [stdout]    |
[INFO] [stdout] 10 | pub const IPC_ENQUEUEFILEW: LPARAM = 1100;
[INFO] [stdout]    |                             ^^^^^^ not found in this scope
[INFO] [stdout] 
[INFO] [stdout] 
[INFO] [stdout] error[E0412]: cannot find type `LPARAM` in this scope
[INFO] [stdout]   --> winamp/winamp_sys/src/from_bindgen.rs:11:23
[INFO] [stdout]    |
[INFO] [stdout] 11 | pub const IPC_DELETE: LPARAM = 101;
[INFO] [stdout]    |                       ^^^^^^ not found in this scope
[INFO] [stdout] 
[INFO] [stdout] 
[INFO] [stdout] error[E0412]: cannot find type `LPARAM` in this scope
[INFO] [stdout]   --> winamp/winamp_sys/src/from_bindgen.rs:12:27
[INFO] [stdout]    |
[INFO] [stdout] 12 | pub const IPC_DELETE_INT: LPARAM = 1101;
[INFO] [stdout]    |                           ^^^^^^ not found in this scope
[INFO] [stdout] 
[INFO] [stdout] 
[INFO] [stdout] error[E0412]: cannot find type `LPARAM` in this scope
[INFO] [stdout]   --> winamp/winamp_sys/src/from_bindgen.rs:13:26
[INFO] [stdout]    |
[INFO] [stdout] 13 | pub const IPC_STARTPLAY: LPARAM = 102;
[INFO] [stdout]    |                          ^^^^^^ not found in this scope
[INFO] [stdout] 
[INFO] [stdout] 
[INFO] [stdout] error[E0412]: cannot find type `LPARAM` in this scope
[INFO] [stdout]   --> winamp/winamp_sys/src/from_bindgen.rs:14:30
[INFO] [stdout]    |
[INFO] [stdout] 14 | pub const IPC_STARTPLAY_INT: LPARAM = 1102;
[INFO] [stdout]    |                              ^^^^^^ not found in this scope
[INFO] [stdout] 
[INFO] [stdout] 
[INFO] [stdout] error[E0412]: cannot find type `LPARAM` in this scope
[INFO] [stdout]   --> winamp/winamp_sys/src/from_bindgen.rs:15:22
[INFO] [stdout]    |
[INFO] [stdout] 15 | pub const IPC_CHDIR: LPARAM = 103;
[INFO] [stdout]    |                      ^^^^^^ not found in this scope
[INFO] [stdout] 
[INFO] [stdout] 
[INFO] [stdout] error[E0412]: cannot find type `LPARAM` in this scope
[INFO] [stdout]   --> winamp/winamp_sys/src/from_bindgen.rs:16:26
[INFO] [stdout]    |
[INFO] [stdout] 16 | pub const IPC_ISPLAYING: LPARAM = 104;
[INFO] [stdout]    |                          ^^^^^^ not found in this scope
[INFO] [stdout] 
[INFO] [stdout] 
[INFO] [stdout] error[E0412]: cannot find type `LPARAM` in this scope
[INFO] [stdout]   --> winamp/winamp_sys/src/from_bindgen.rs:17:30
[INFO] [stdout]    |
[INFO] [stdout] 17 | pub const IPC_GETOUTPUTTIME: LPARAM = 105;
[INFO] [stdout]    |                              ^^^^^^ not found in this scope
[INFO] [stdout] 
[INFO] [stdout] 
[INFO] [stdout] error[E0412]: cannot find type `LPARAM` in this scope
[INFO] [stdout]   --> winamp/winamp_sys/src/from_bindgen.rs:18:27
[INFO] [stdout]    |
[INFO] [stdout] 18 | pub const IPC_JUMPTOTIME: LPARAM = 106;
[INFO] [stdout]    |                           ^^^^^^ not found in this scope
[INFO] [stdout] 
[INFO] [stdout] 
[INFO] [stdout] error[E0412]: cannot find type `LPARAM` in this scope
[INFO] [stdout]   --> winamp/winamp_sys/src/from_bindgen.rs:19:30
[INFO] [stdout]    |
[INFO] [stdout] 19 | pub const IPC_GETMODULENAME: LPARAM = 109;
[INFO] [stdout]    |                              ^^^^^^ not found in this scope
[INFO] [stdout] 
[INFO] [stdout] 
[INFO] [stdout] error[E0412]: cannot find type `LPARAM` in this scope
[INFO] [stdout]   --> winamp/winamp_sys/src/from_bindgen.rs:20:30
[INFO] [stdout]    |
[INFO] [stdout] 20 | pub const IPC_EX_ISRIGHTEXE: LPARAM = 666;
[INFO] [stdout]    |                              ^^^^^^ not found in this scope
[INFO] [stdout] 
[INFO] [stdout] 
[INFO] [stdout] error[E0412]: cannot find type `LPARAM` in this scope
[INFO] [stdout]   --> winamp/winamp_sys/src/from_bindgen.rs:21:30
[INFO] [stdout]    |
[INFO] [stdout] 21 | pub const IPC_WRITEPLAYLIST: LPARAM = 120;
[INFO] [stdout]    |                              ^^^^^^ not found in this scope
[INFO] [stdout] 
[INFO] [stdout] 
[INFO] [stdout] error[E0412]: cannot find type `LPARAM` in this scope
[INFO] [stdout]   --> winamp/winamp_sys/src/from_bindgen.rs:22:31
[INFO] [stdout]    |
[INFO] [stdout] 22 | pub const IPC_SETPLAYLISTPOS: LPARAM = 121;
[INFO] [stdout]    |                               ^^^^^^ not found in this scope
[INFO] [stdout] 
[INFO] [stdout] 
[INFO] [stdout] error[E0412]: cannot find type `LPARAM` in this scope
[INFO] [stdout]   --> winamp/winamp_sys/src/from_bindgen.rs:23:26
[INFO] [stdout]    |
[INFO] [stdout] 23 | pub const IPC_SETVOLUME: LPARAM = 122;
[INFO] [stdout]    |                          ^^^^^^ not found in this scope
[INFO] [stdout] 
[INFO] [stdout] 
[INFO] [stdout] error[E0412]: cannot find type `LPARAM` in this scope
[INFO] [stdout]   --> winamp/winamp_sys/src/from_bindgen.rs:24:27
[INFO] [stdout]    |
[INFO] [stdout] 24 | pub const IPC_SETPANNING: LPARAM = 123;
[INFO] [stdout]    |                           ^^^^^^ not found in this scope
[INFO] [stdout] 
[INFO] [stdout] 
[INFO] [stdout] error[E0412]: cannot find type `LPARAM` in this scope
[INFO] [stdout]   --> winamp/winamp_sys/src/from_bindgen.rs:25:27
[INFO] [stdout]    |
[INFO] [stdout] 25 | pub const IPC_SETBALANCE: LPARAM = 123;
[INFO] [stdout]    |                           ^^^^^^ not found in this scope
[INFO] [stdout] 
[INFO] [stdout] 
[INFO] [stdout] error[E0412]: cannot find type `LPARAM` in this scope
[INFO] [stdout]   --> winamp/winamp_sys/src/from_bindgen.rs:26:30
[INFO] [stdout]    |
[INFO] [stdout] 26 | pub const IPC_GETLISTLENGTH: LPARAM = 124;
[INFO] [stdout]    |                              ^^^^^^ not found in this scope
[INFO] [stdout] 
[INFO] [stdout] 
[INFO] [stdout] error[E0412]: cannot find type `LPARAM` in this scope
[INFO] [stdout]   --> winamp/winamp_sys/src/from_bindgen.rs:27:27
[INFO] [stdout]    |
[INFO] [stdout] 27 | pub const IPC_GETLISTPOS: LPARAM = 125;
[INFO] [stdout]    |                           ^^^^^^ not found in this scope
[INFO] [stdout] 
[INFO] [stdout] 
[INFO] [stdout] error[E0412]: cannot find type `LPARAM` in this scope
[INFO] [stdout]   --> winamp/winamp_sys/src/from_bindgen.rs:28:31
[INFO] [stdout]    |
[INFO] [stdout] 28 | pub const IPC_GETNEXTLISTPOS: LPARAM = 136;
[INFO] [stdout]    |                               ^^^^^^ not found in this scope
[INFO] [stdout] 
[INFO] [stdout] 
[INFO] [stdout] error[E0412]: cannot find type `LPARAM` in this scope
[INFO] [stdout]   --> winamp/winamp_sys/src/from_bindgen.rs:29:24
[INFO] [stdout]    |
[INFO] [stdout] 29 | pub const IPC_GETINFO: LPARAM = 126;
[INFO] [stdout]    |                        ^^^^^^ not found in this scope
[INFO] [stdout] 
[INFO] [stdout] 
[INFO] [stdout] error[E0412]: cannot find type `LPARAM` in this scope
[INFO] [stdout]   --> winamp/winamp_sys/src/from_bindgen.rs:30:26
[INFO] [stdout]    |
[INFO] [stdout] 30 | pub const IPC_GETEQDATA: LPARAM = 127;
[INFO] [stdout]    |                          ^^^^^^ not found in this scope
[INFO] [stdout] 
[INFO] [stdout] 
[INFO] [stdout] error[E0412]: cannot find type `LPARAM` in this scope
[INFO] [stdout]   --> winamp/winamp_sys/src/from_bindgen.rs:31:26
[INFO] [stdout]    |
[INFO] [stdout] 31 | pub const IPC_SETEQDATA: LPARAM = 128;
[INFO] [stdout]    |                          ^^^^^^ not found in this scope
[INFO] [stdout] 
[INFO] [stdout] 
[INFO] [stdout] error[E0412]: cannot find type `LPARAM` in this scope
[INFO] [stdout]   --> winamp/winamp_sys/src/from_bindgen.rs:32:28
[INFO] [stdout]    |
[INFO] [stdout] 32 | pub const IPC_ADDBOOKMARK: LPARAM = 129;
[INFO] [stdout]    |                            ^^^^^^ not found in this scope
[INFO] [stdout] 
[INFO] [stdout] 
[INFO] [stdout] error[E0412]: cannot find type `LPARAM` in this scope
[INFO] [stdout]   --> winamp/winamp_sys/src/from_bindgen.rs:33:29
[INFO] [stdout]    |
[INFO] [stdout] 33 | pub const IPC_ADDBOOKMARKW: LPARAM = 131;
[INFO] [stdout]    |                             ^^^^^^ not found in this scope
[INFO] [stdout] 
[INFO] [stdout] 
[INFO] [stdout] error[E0412]: cannot find type `LPARAM` in this scope
[INFO] [stdout]   --> winamp/winamp_sys/src/from_bindgen.rs:34:30
[INFO] [stdout]    |
[INFO] [stdout] 34 | pub const IPC_INSTALLPLUGIN: LPARAM = 130;
[INFO] [stdout]    |                              ^^^^^^ not found in this scope
[INFO] [stdout] 
[INFO] [stdout] 
[INFO] [stdout] error[E0412]: cannot find type `LPARAM` in this scope
[INFO] [stdout]   --> winamp/winamp_sys/src/from_bindgen.rs:35:30
[INFO] [stdout]    |
[INFO] [stdout] 35 | pub const IPC_RESTARTWINAMP: LPARAM = 135;
[INFO] [stdout]    |                              ^^^^^^ not found in this scope
[INFO] [stdout] 
[INFO] [stdout] 
[INFO] [stdout] error[E0412]: cannot find type `LPARAM` in this scope
[INFO] [stdout]   --> winamp/winamp_sys/src/from_bindgen.rs:36:34
[INFO] [stdout]    |
[INFO] [stdout] 36 | pub const IPC_RESTARTSAFEWINAMP: LPARAM = 1135;
[INFO] [stdout]    |                                  ^^^^^^ not found in this scope
[INFO] [stdout] 
[INFO] [stdout] 
[INFO] [stdout] error[E0412]: cannot find type `LPARAM` in this scope
[INFO] [stdout]   --> winamp/winamp_sys/src/from_bindgen.rs:37:27
[INFO] [stdout]    |
[INFO] [stdout] 37 | pub const IPC_ISFULLSTOP: LPARAM = 400;
[INFO] [stdout]    |                           ^^^^^^ not found in this scope
[INFO] [stdout] 
[INFO] [stdout] 
[INFO] [stdout] error[E0412]: cannot find type `LPARAM` in this scope
[INFO] [stdout]   --> winamp/winamp_sys/src/from_bindgen.rs:38:30
[INFO] [stdout]    |
[INFO] [stdout] 38 | pub const IPC_INETAVAILABLE: LPARAM = 242;
[INFO] [stdout]    |                              ^^^^^^ not found in this scope
[INFO] [stdout] 
[INFO] [stdout] 
[INFO] [stdout] error[E0412]: cannot find type `LPARAM` in this scope
[INFO] [stdout]   --> winamp/winamp_sys/src/from_bindgen.rs:39:25
[INFO] [stdout]    |
[INFO] [stdout] 39 | pub const IPC_UPDTITLE: LPARAM = 243;
[INFO] [stdout]    |                         ^^^^^^ not found in this scope
[INFO] [stdout] 
[INFO] [stdout] 
[INFO] [stdout] error[E0412]: cannot find type `LPARAM` in this scope
[INFO] [stdout]   --> winamp/winamp_sys/src/from_bindgen.rs:40:31
[INFO] [stdout]    |
[INFO] [stdout] 40 | pub const IPC_REFRESHPLCACHE: LPARAM = 247;
[INFO] [stdout]    |                               ^^^^^^ not found in this scope
[INFO] [stdout] 
[INFO] [stdout] 
[INFO] [stdout] error[E0412]: cannot find type `LPARAM` in this scope
[INFO] [stdout]   --> winamp/winamp_sys/src/from_bindgen.rs:41:28
[INFO] [stdout]    |
[INFO] [stdout] 41 | pub const IPC_GET_SHUFFLE: LPARAM = 250;
[INFO] [stdout]    |                            ^^^^^^ not found in this scope
[INFO] [stdout] 
[INFO] [stdout] 
[INFO] [stdout] error[E0412]: cannot find type `LPARAM` in this scope
[INFO] [stdout]   --> winamp/winamp_sys/src/from_bindgen.rs:42:27
[INFO] [stdout]    |
[INFO] [stdout] 42 | pub const IPC_GET_REPEAT: LPARAM = 251;
[INFO] [stdout]    |                           ^^^^^^ not found in this scope
[INFO] [stdout] 
[INFO] [stdout] 
[INFO] [stdout] error[E0412]: cannot find type `LPARAM` in this scope
[INFO] [stdout]   --> winamp/winamp_sys/src/from_bindgen.rs:43:28
[INFO] [stdout]    |
[INFO] [stdout] 43 | pub const IPC_SET_SHUFFLE: LPARAM = 252;
[INFO] [stdout]    |                            ^^^^^^ not found in this scope
[INFO] [stdout] 
[INFO] [stdout] 
[INFO] [stdout] error[E0412]: cannot find type `LPARAM` in this scope
[INFO] [stdout]   --> winamp/winamp_sys/src/from_bindgen.rs:44:27
[INFO] [stdout]    |
[INFO] [stdout] 44 | pub const IPC_SET_REPEAT: LPARAM = 253;
[INFO] [stdout]    |                           ^^^^^^ not found in this scope
[INFO] [stdout] 
[INFO] [stdout] 
[INFO] [stdout] error[E0412]: cannot find type `LPARAM` in this scope
[INFO] [stdout]   --> winamp/winamp_sys/src/from_bindgen.rs:45:42
[INFO] [stdout]    |
[INFO] [stdout] 45 | pub const IPC_ENABLEDISABLE_ALL_WINDOWS: LPARAM = 259;
[INFO] [stdout]    |                                          ^^^^^^ not found in this scope
[INFO] [stdout] 
[INFO] [stdout] 
[INFO] [stdout] error[E0412]: cannot find type `LPARAM` in this scope
[INFO] [stdout]   --> winamp/winamp_sys/src/from_bindgen.rs:46:23
[INFO] [stdout]    |
[INFO] [stdout] 46 | pub const IPC_GETWND: LPARAM = 260;
[INFO] [stdout]    |                       ^^^^^^ not found in this scope
[INFO] [stdout] 
[INFO] [stdout] 
[INFO] [stdout] error[E0412]: cannot find type `LPARAM` in this scope
[INFO] [stdout]   --> winamp/winamp_sys/src/from_bindgen.rs:47:26
[INFO] [stdout]    |
[INFO] [stdout] 47 | pub const IPC_GETWND_EQ: LPARAM = 0;
[INFO] [stdout]    |                          ^^^^^^ not found in this scope
[INFO] [stdout] 
[INFO] [stdout] 
[INFO] [stdout] error[E0412]: cannot find type `LPARAM` in this scope
[INFO] [stdout]   --> winamp/winamp_sys/src/from_bindgen.rs:48:26
[INFO] [stdout]    |
[INFO] [stdout] 48 | pub const IPC_GETWND_PE: LPARAM = 1;
[INFO] [stdout]    |                          ^^^^^^ not found in this scope
[INFO] [stdout] 
[INFO] [stdout] 
[INFO] [stdout] error[E0412]: cannot find type `LPARAM` in this scope
[INFO] [stdout]   --> winamp/winamp_sys/src/from_bindgen.rs:49:26
[INFO] [stdout]    |
[INFO] [stdout] 49 | pub const IPC_GETWND_MB: LPARAM = 2;
[INFO] [stdout]    |                          ^^^^^^ not found in this scope
[INFO] [stdout] 
[INFO] [stdout] 
[INFO] [stdout] error[E0412]: cannot find type `LPARAM` in this scope
[INFO] [stdout]   --> winamp/winamp_sys/src/from_bindgen.rs:50:29
[INFO] [stdout]    |
[INFO] [stdout] 50 | pub const IPC_GETWND_VIDEO: LPARAM = 3;
[INFO] [stdout]    |                             ^^^^^^ not found in this scope
[INFO] [stdout] 
[INFO] [stdout] 
[INFO] [stdout] error[E0412]: cannot find type `LPARAM` in this scope
[INFO] [stdout]   --> winamp/winamp_sys/src/from_bindgen.rs:51:29
[INFO] [stdout]    |
[INFO] [stdout] 51 | pub const IPC_ISWNDVISIBLE: LPARAM = 261;
[INFO] [stdout]    |                             ^^^^^^ not found in this scope
[INFO] [stdout] 
[INFO] [stdout] 
[INFO] [stdout] error[E0412]: cannot find type `LPARAM` in this scope
[INFO] [stdout]   --> winamp/winamp_sys/src/from_bindgen.rs:52:25
[INFO] [stdout]    |
[INFO] [stdout] 52 | pub const IPC_SETSKINW: LPARAM = 199;
[INFO] [stdout]    |                         ^^^^^^ not found in this scope
[INFO] [stdout] 
[INFO] [stdout] 
[INFO] [stdout] error[E0412]: cannot find type `LPARAM` in this scope
[INFO] [stdout]   --> winamp/winamp_sys/src/from_bindgen.rs:53:24
[INFO] [stdout]    |
[INFO] [stdout] 53 | pub const IPC_SETSKIN: LPARAM = 200;
[INFO] [stdout]    |                        ^^^^^^ not found in this scope
[INFO] [stdout] 
[INFO] [stdout] 
[INFO] [stdout] error[E0412]: cannot find type `LPARAM` in this scope
[INFO] [stdout]   --> winamp/winamp_sys/src/from_bindgen.rs:54:24
[INFO] [stdout]    |
[INFO] [stdout] 54 | pub const IPC_GETSKIN: LPARAM = 201;
[INFO] [stdout]    |                        ^^^^^^ not found in this scope
[INFO] [stdout] 
[INFO] [stdout] 
[INFO] [stdout] error[E0412]: cannot find type `LPARAM` in this scope
[INFO] [stdout]   --> winamp/winamp_sys/src/from_bindgen.rs:55:25
[INFO] [stdout]    |
[INFO] [stdout] 55 | pub const IPC_GETSKINW: LPARAM = 1201;
[INFO] [stdout]    |                         ^^^^^^ not found in this scope
[INFO] [stdout] 
[INFO] [stdout] 
[INFO] [stdout] error[E0412]: cannot find type `LPARAM` in this scope
[INFO] [stdout]   --> winamp/winamp_sys/src/from_bindgen.rs:56:25
[INFO] [stdout]    |
[INFO] [stdout] 56 | pub const IPC_EXECPLUG: LPARAM = 202;
[INFO] [stdout]    |                         ^^^^^^ not found in this scope
[INFO] [stdout] 
[INFO] [stdout] 
[INFO] [stdout] error[E0412]: cannot find type `LPARAM` in this scope
[INFO] [stdout]   --> winamp/winamp_sys/src/from_bindgen.rs:57:32
[INFO] [stdout]    |
[INFO] [stdout] 57 | pub const IPC_GETPLAYLISTFILE: LPARAM = 211;
[INFO] [stdout]    |                                ^^^^^^ not found in this scope
[INFO] [stdout] 
[INFO] [stdout] 
[INFO] [stdout] error[E0412]: cannot find type `LPARAM` in this scope
[INFO] [stdout]   --> winamp/winamp_sys/src/from_bindgen.rs:58:33
[INFO] [stdout]    |
[INFO] [stdout] 58 | pub const IPC_GETPLAYLISTFILEW: LPARAM = 214;
[INFO] [stdout]    |                                 ^^^^^^ not found in this scope
[INFO] [stdout] 
[INFO] [stdout] 
[INFO] [stdout] error[E0412]: cannot find type `LPARAM` in this scope
[INFO] [stdout]   --> winamp/winamp_sys/src/from_bindgen.rs:59:33
[INFO] [stdout]    |
[INFO] [stdout] 59 | pub const IPC_GETPLAYLISTTITLE: LPARAM = 212;
[INFO] [stdout]    |                                 ^^^^^^ not found in this scope
[INFO] [stdout] 
[INFO] [stdout] 
[INFO] [stdout] error[E0412]: cannot find type `LPARAM` in this scope
[INFO] [stdout]   --> winamp/winamp_sys/src/from_bindgen.rs:60:34
[INFO] [stdout]    |
[INFO] [stdout] 60 | pub const IPC_GETPLAYLISTTITLEW: LPARAM = 213;
[INFO] [stdout]    |                                  ^^^^^^ not found in this scope
[INFO] [stdout] 
[INFO] [stdout] 
[INFO] [stdout] error[E0412]: cannot find type `LPARAM` in this scope
[INFO] [stdout]   --> winamp/winamp_sys/src/from_bindgen.rs:61:30
[INFO] [stdout]    |
[INFO] [stdout] 61 | pub const IPC_GETHTTPGETTER: LPARAM = 240;
[INFO] [stdout]    |                              ^^^^^^ not found in this scope
[INFO] [stdout] 
[INFO] [stdout] 
[INFO] [stdout] error[E0412]: cannot find type `LPARAM` in this scope
[INFO] [stdout]   --> winamp/winamp_sys/src/from_bindgen.rs:62:31
[INFO] [stdout]    |
[INFO] [stdout] 62 | pub const IPC_GETHTTPGETTERW: LPARAM = 1240;
[INFO] [stdout]    |                               ^^^^^^ not found in this scope
[INFO] [stdout] 
[INFO] [stdout] 
[INFO] [stdout] error[E0412]: cannot find type `LPARAM` in this scope
[INFO] [stdout]   --> winamp/winamp_sys/src/from_bindgen.rs:63:23
[INFO] [stdout]    |
[INFO] [stdout] 63 | pub const IPC_MBOPEN: LPARAM = 241;
[INFO] [stdout]    |                       ^^^^^^ not found in this scope
[INFO] [stdout] 
[INFO] [stdout] 
[INFO] [stdout] error[E0412]: cannot find type `LPARAM` in this scope
[INFO] [stdout]   --> winamp/winamp_sys/src/from_bindgen.rs:64:34
[INFO] [stdout]    |
[INFO] [stdout] 64 | pub const IPC_CHANGECURRENTFILE: LPARAM = 245;
[INFO] [stdout]    |                                  ^^^^^^ not found in this scope
[INFO] [stdout] 
[INFO] [stdout] 
[INFO] [stdout] error[E0412]: cannot find type `LPARAM` in this scope
[INFO] [stdout]   --> winamp/winamp_sys/src/from_bindgen.rs:65:35
[INFO] [stdout]    |
[INFO] [stdout] 65 | pub const IPC_CHANGECURRENTFILEW: LPARAM = 1245;
[INFO] [stdout]    |                                   ^^^^^^ not found in this scope
[INFO] [stdout] 
[INFO] [stdout] 
[INFO] [stdout] error[E0412]: cannot find type `LPARAM` in this scope
[INFO] [stdout]   --> winamp/winamp_sys/src/from_bindgen.rs:66:25
[INFO] [stdout]    |
[INFO] [stdout] 66 | pub const IPC_GETMBURL: LPARAM = 246;
[INFO] [stdout]    |                         ^^^^^^ not found in this scope
[INFO] [stdout] 
[INFO] [stdout] 
[INFO] [stdout] error[E0412]: cannot find type `LPARAM` in this scope
[INFO] [stdout]   --> winamp/winamp_sys/src/from_bindgen.rs:67:24
[INFO] [stdout]    |
[INFO] [stdout] 67 | pub const IPC_MBBLOCK: LPARAM = 248;
[INFO] [stdout]    |                        ^^^^^^ not found in this scope
[INFO] [stdout] 
[INFO] [stdout] 
[INFO] [stdout] error[E0412]: cannot find type `LPARAM` in this scope
[INFO] [stdout]   --> winamp/winamp_sys/src/from_bindgen.rs:68:27
[INFO] [stdout]    |
[INFO] [stdout] 68 | pub const IPC_MBOPENREAL: LPARAM = 249;
[INFO] [stdout]    |                           ^^^^^^ not found in this scope
[INFO] [stdout] 
[INFO] [stdout] 
[INFO] [stdout] error[E0412]: cannot find type `LPARAM` in this scope
[INFO] [stdout]   --> winamp/winamp_sys/src/from_bindgen.rs:69:38
[INFO] [stdout]    |
[INFO] [stdout] 69 | pub const IPC_ADJUST_OPTIONSMENUPOS: LPARAM = 280;
[INFO] [stdout]    |                                      ^^^^^^ not found in this scope
[INFO] [stdout] 
[INFO] [stdout] 
[INFO] [stdout] error[E0412]: cannot find type `LPARAM` in this scope
[INFO] [stdout]   --> winamp/winamp_sys/src/from_bindgen.rs:70:26
[INFO] [stdout]    |
[INFO] [stdout] 70 | pub const IPC_GET_HMENU: LPARAM = 281;
[INFO] [stdout]    |                          ^^^^^^ not found in this scope
[INFO] [stdout] 
[INFO] [stdout] 
[INFO] [stdout] error[E0412]: cannot find type `LPARAM` in this scope
[INFO] [stdout]   --> winamp/winamp_sys/src/from_bindgen.rs:71:39
[INFO] [stdout]    |
[INFO] [stdout] 71 | pub const IPC_GET_EXTENDED_FILE_INFO: LPARAM = 290;
[INFO] [stdout]    |                                       ^^^^^^ not found in this scope
[INFO] [stdout] 
[INFO] [stdout] 
[INFO] [stdout] error[E0412]: cannot find type `LPARAM` in this scope
[INFO] [stdout]   --> winamp/winamp_sys/src/from_bindgen.rs:72:48
[INFO] [stdout]    |
[INFO] [stdout] 72 | pub const IPC_GET_EXTENDED_FILE_INFO_HOOKABLE: LPARAM = 296;
[INFO] [stdout]    |                                                ^^^^^^ not found in this scope
[INFO] [stdout] 
[INFO] [stdout] 
[INFO] [stdout] error[E0412]: cannot find type `LPARAM` in this scope
[INFO] [stdout]   --> winamp/winamp_sys/src/from_bindgen.rs:73:36
[INFO] [stdout]    |
[INFO] [stdout] 73 | pub const IPC_GET_BASIC_FILE_INFO: LPARAM = 291;
[INFO] [stdout]    |                                    ^^^^^^ not found in this scope
[INFO] [stdout] 
[INFO] [stdout] 
[INFO] [stdout] error[E0412]: cannot find type `LPARAM` in this scope
[INFO] [stdout]   --> winamp/winamp_sys/src/from_bindgen.rs:74:37
[INFO] [stdout]    |
[INFO] [stdout] 74 | pub const IPC_GET_BASIC_FILE_INFOW: LPARAM = 1291;
[INFO] [stdout]    |                                     ^^^^^^ not found in this scope
[INFO] [stdout] 
[INFO] [stdout] 
[INFO] [stdout] error[E0412]: cannot find type `LPARAM` in this scope
[INFO] [stdout]   --> winamp/winamp_sys/src/from_bindgen.rs:75:28
[INFO] [stdout]    |
[INFO] [stdout] 75 | pub const IPC_GET_EXTLIST: LPARAM = 292;
[INFO] [stdout]    |                            ^^^^^^ not found in this scope
[INFO] [stdout] 
[INFO] [stdout] 
[INFO] [stdout] error[E0412]: cannot find type `LPARAM` in this scope
[INFO] [stdout]   --> winamp/winamp_sys/src/from_bindgen.rs:76:29
[INFO] [stdout]    |
[INFO] [stdout] 76 | pub const IPC_GET_EXTLISTW: LPARAM = 1292;
[INFO] [stdout]    |                             ^^^^^^ not found in this scope
[INFO] [stdout] 
[INFO] [stdout] 
[INFO] [stdout] error[E0412]: cannot find type `LPARAM` in this scope
[INFO] [stdout]   --> winamp/winamp_sys/src/from_bindgen.rs:77:38
[INFO] [stdout]    |
[INFO] [stdout] 77 | pub const IPC_GET_PLAYLIST_EXTLISTW: LPARAM = 282;
[INFO] [stdout]    |                                      ^^^^^^ not found in this scope
[INFO] [stdout] 
[INFO] [stdout] 
[INFO] [stdout] error[E0412]: cannot find type `LPARAM` in this scope
[INFO] [stdout]   --> winamp/winamp_sys/src/from_bindgen.rs:78:24
[INFO] [stdout]    |
[INFO] [stdout] 78 | pub const IPC_INFOBOX: LPARAM = 293;
[INFO] [stdout]    |                        ^^^^^^ not found in this scope
[INFO] [stdout] 
[INFO] [stdout] 
[INFO] [stdout] error[E0412]: cannot find type `LPARAM` in this scope
[INFO] [stdout]   --> winamp/winamp_sys/src/from_bindgen.rs:79:25
[INFO] [stdout]    |
[INFO] [stdout] 79 | pub const IPC_INFOBOXW: LPARAM = 1293;
[INFO] [stdout]    |                         ^^^^^^ not found in this scope
[INFO] [stdout] 
[INFO] [stdout] 
[INFO] [stdout] error[E0412]: cannot find type `LPARAM` in this scope
[INFO] [stdout]   --> winamp/winamp_sys/src/from_bindgen.rs:80:39
[INFO] [stdout]    |
[INFO] [stdout] 80 | pub const IPC_SET_EXTENDED_FILE_INFO: LPARAM = 294;
[INFO] [stdout]    |                                       ^^^^^^ not found in this scope
[INFO] [stdout] 
[INFO] [stdout] 
[INFO] [stdout] error[E0412]: cannot find type `LPARAM` in this scope
[INFO] [stdout]   --> winamp/winamp_sys/src/from_bindgen.rs:81:41
[INFO] [stdout]    |
[INFO] [stdout] 81 | pub const IPC_WRITE_EXTENDED_FILE_INFO: LPARAM = 295;
[INFO] [stdout]    |                                         ^^^^^^ not found in this scope
[INFO] [stdout] 
[INFO] [stdout] 
[INFO] [stdout] error[E0412]: cannot find type `LPARAM` in this scope
[INFO] [stdout]   --> winamp/winamp_sys/src/from_bindgen.rs:82:29
[INFO] [stdout]    |
[INFO] [stdout] 82 | pub const IPC_FORMAT_TITLE: LPARAM = 297;
[INFO] [stdout]    |                             ^^^^^^ not found in this scope
[INFO] [stdout] 
[INFO] [stdout] 
[INFO] [stdout] error[E0412]: cannot find type `LPARAM` in this scope
[INFO] [stdout]   --> winamp/winamp_sys/src/from_bindgen.rs:83:38
[INFO] [stdout]    |
[INFO] [stdout] 83 | pub const IPC_FORMAT_TITLE_EXTENDED: LPARAM = 298;
[INFO] [stdout]    |                                      ^^^^^^ not found in this scope
[INFO] [stdout] 
[INFO] [stdout] 
[INFO] [stdout] error[E0412]: cannot find type `LPARAM` in this scope
[INFO] [stdout]   --> winamp/winamp_sys/src/from_bindgen.rs:84:40
[INFO] [stdout]    |
[INFO] [stdout] 84 | pub const IPC_COPY_EXTENDED_FILE_INFO: LPARAM = 299;
[INFO] [stdout]    |                                        ^^^^^^ not found in this scope
[INFO] [stdout] 
[INFO] [stdout] 
[INFO] [stdout] error[E0412]: cannot find type `LPARAM` in this scope
[INFO] [stdout]   --> winamp/winamp_sys/src/from_bindgen.rs:85:41
[INFO] [stdout]    |
[INFO] [stdout] 85 | pub const IPC_COPY_EXTENDED_FILE_INFOW: LPARAM = 1299;
[INFO] [stdout]    |                                         ^^^^^^ not found in this scope
[INFO] [stdout] 
[INFO] [stdout] 
[INFO] [stdout] error[E0412]: cannot find type `LPARAM` in this scope
[INFO] [stdout]   --> winamp/winamp_sys/src/from_bindgen.rs:86:39
[INFO] [stdout]    |
[INFO] [stdout] 86 | pub const IPC_GETUNCOMPRESSINTERFACE: LPARAM = 331;
[INFO] [stdout]    |                                       ^^^^^^ not found in this scope
[INFO] [stdout] 
[INFO] [stdout] 
[INFO] [stdout] error[E0412]: cannot find type `LPARAM` in this scope
[INFO] [stdout]   --> winamp/winamp_sys/src/from_bindgen.rs:87:30
[INFO] [stdout]    |
[INFO] [stdout] 87 | pub const IPC_ADD_PREFS_DLG: LPARAM = 332;
[INFO] [stdout]    |                              ^^^^^^ not found in this scope
[INFO] [stdout] 
[INFO] [stdout] 
[INFO] [stdout] error[E0412]: cannot find type `LPARAM` in this scope
[INFO] [stdout]   --> winamp/winamp_sys/src/from_bindgen.rs:88:31
[INFO] [stdout]    |
[INFO] [stdout] 88 | pub const IPC_ADD_PREFS_DLGW: LPARAM = 1332;
[INFO] [stdout]    |                               ^^^^^^ not found in this scope
[INFO] [stdout] 
[INFO] [stdout] 
[INFO] [stdout] error[E0412]: cannot find type `LPARAM` in this scope
[INFO] [stdout]   --> winamp/winamp_sys/src/from_bindgen.rs:89:33
[INFO] [stdout]    |
[INFO] [stdout] 89 | pub const IPC_REMOVE_PREFS_DLG: LPARAM = 333;
[INFO] [stdout]    |                                 ^^^^^^ not found in this scope
[INFO] [stdout] 
[INFO] [stdout] 
[INFO] [stdout] error[E0412]: cannot find type `LPARAM` in this scope
[INFO] [stdout]   --> winamp/winamp_sys/src/from_bindgen.rs:90:33
[INFO] [stdout]    |
[INFO] [stdout] 90 | pub const IPC_UPDATE_PREFS_DLG: LPARAM = 342;
[INFO] [stdout]    |                                 ^^^^^^ not found in this scope
[INFO] [stdout] 
[INFO] [stdout] 
[INFO] [stdout] error[E0412]: cannot find type `LPARAM` in this scope
[INFO] [stdout]   --> winamp/winamp_sys/src/from_bindgen.rs:91:34
[INFO] [stdout]    |
[INFO] [stdout] 91 | pub const IPC_UPDATE_PREFS_DLGW: LPARAM = 1342;
[INFO] [stdout]    |                                  ^^^^^^ not found in this scope
[INFO] [stdout] 
[INFO] [stdout] 
[INFO] [stdout] error[E0412]: cannot find type `LPARAM` in this scope
[INFO] [stdout]   --> winamp/winamp_sys/src/from_bindgen.rs:92:32
[INFO] [stdout]    |
[INFO] [stdout] 92 | pub const IPC_OPENPREFSTOPAGE: LPARAM = 380;
[INFO] [stdout]    |                                ^^^^^^ not found in this scope
[INFO] [stdout] 
[INFO] [stdout] 
[INFO] [stdout] error[E0412]: cannot find type `LPARAM` in this scope
[INFO] [stdout]   --> winamp/winamp_sys/src/from_bindgen.rs:93:27
[INFO] [stdout]    |
[INFO] [stdout] 93 | pub const IPC_GETINIFILE: LPARAM = 334;
[INFO] [stdout]    |                           ^^^^^^ not found in this scope
[INFO] [stdout] 
[INFO] [stdout] 
[INFO] [stdout] error[E0412]: cannot find type `LPARAM` in this scope
[INFO] [stdout]   --> winamp/winamp_sys/src/from_bindgen.rs:94:28
[INFO] [stdout]    |
[INFO] [stdout] 94 | pub const IPC_GETINIFILEW: LPARAM = 1334;
[INFO] [stdout]    |                            ^^^^^^ not found in this scope
[INFO] [stdout] 
[INFO] [stdout] 
[INFO] [stdout] error[E0412]: cannot find type `LPARAM` in this scope
[INFO] [stdout]   --> winamp/winamp_sys/src/from_bindgen.rs:95:32
[INFO] [stdout]    |
[INFO] [stdout] 95 | pub const IPC_GETINIDIRECTORY: LPARAM = 335;
[INFO] [stdout]    |                                ^^^^^^ not found in this scope
[INFO] [stdout] 
[INFO] [stdout] 
[INFO] [stdout] error[E0412]: cannot find type `LPARAM` in this scope
[INFO] [stdout]   --> winamp/winamp_sys/src/from_bindgen.rs:96:33
[INFO] [stdout]    |
[INFO] [stdout] 96 | pub const IPC_GETINIDIRECTORYW: LPARAM = 1335;
[INFO] [stdout]    |                                 ^^^^^^ not found in this scope
[INFO] [stdout] 
[INFO] [stdout] 
[INFO] [stdout] error[E0412]: cannot find type `LPARAM` in this scope
[INFO] [stdout]   --> winamp/winamp_sys/src/from_bindgen.rs:97:35
[INFO] [stdout]    |
[INFO] [stdout] 97 | pub const IPC_GETPLUGINDIRECTORY: LPARAM = 336;
[INFO] [stdout]    |                                   ^^^^^^ not found in this scope
[INFO] [stdout] 
[INFO] [stdout] 
[INFO] [stdout] error[E0412]: cannot find type `LPARAM` in this scope
[INFO] [stdout]   --> winamp/winamp_sys/src/from_bindgen.rs:98:36
[INFO] [stdout]    |
[INFO] [stdout] 98 | pub const IPC_GETPLUGINDIRECTORYW: LPARAM = 1336;
[INFO] [stdout]    |                                    ^^^^^^ not found in this scope
[INFO] [stdout] 
[INFO] [stdout] 
[INFO] [stdout] error[E0412]: cannot find type `LPARAM` in this scope
[INFO] [stdout]   --> winamp/winamp_sys/src/from_bindgen.rs:99:32
[INFO] [stdout]    |
[INFO] [stdout] 99 | pub const IPC_GETM3UDIRECTORY: LPARAM = 337;
[INFO] [stdout]    |                                ^^^^^^ not found in this scope
[INFO] [stdout] 
[INFO] [stdout] 
[INFO] [stdout] error[E0412]: cannot find type `LPARAM` in this scope
[INFO] [stdout]    --> winamp/winamp_sys/src/from_bindgen.rs:100:33
[INFO] [stdout]     |
[INFO] [stdout] 100 | pub const IPC_GETM3UDIRECTORYW: LPARAM = 338;
[INFO] [stdout]     |                                 ^^^^^^ not found in this scope
[INFO] [stdout] 
[INFO] [stdout] 
[INFO] [stdout] error[E0412]: cannot find type `LPARAM` in this scope
[INFO] [stdout]    --> winamp/winamp_sys/src/from_bindgen.rs:101:33
[INFO] [stdout]     |
[INFO] [stdout] 101 | pub const IPC_GETVISDIRECTORYW: LPARAM = 339;
[INFO] [stdout]     |                                 ^^^^^^ not found in this scope
[INFO] [stdout] 
[INFO] [stdout] 
[INFO] [stdout] error[E0412]: cannot find type `LPARAM` in this scope
[INFO] [stdout]    --> winamp/winamp_sys/src/from_bindgen.rs:102:34
[INFO] [stdout]     |
[INFO] [stdout] 102 | pub const IPC_GETSKINDIRECTORYW: LPARAM = 340;
[INFO] [stdout]     |                                  ^^^^^^ not found in this scope
[INFO] [stdout] 
[INFO] [stdout] 
[INFO] [stdout] error[E0412]: cannot find type `LPARAM` in this scope
[INFO] [stdout]    --> winamp/winamp_sys/src/from_bindgen.rs:103:33
[INFO] [stdout]     |
[INFO] [stdout] 103 | pub const IPC_GETDSPDIRECTORYW: LPARAM = 341;
[INFO] [stdout]     |                                 ^^^^^^ not found in this scope
[INFO] [stdout] 
[INFO] [stdout] 
[INFO] [stdout] error[E0412]: cannot find type `LPARAM` in this scope
[INFO] [stdout]    --> winamp/winamp_sys/src/from_bindgen.rs:104:29
[INFO] [stdout]     |
[INFO] [stdout] 104 | pub const IPC_GETMLINIFILE: LPARAM = 343;
[INFO] [stdout]     |                             ^^^^^^ not found in this scope
[INFO] [stdout] 
[INFO] [stdout] 
[INFO] [stdout] error[E0412]: cannot find type `LPARAM` in this scope
[INFO] [stdout]    --> winamp/winamp_sys/src/from_bindgen.rs:105:30
[INFO] [stdout]     |
[INFO] [stdout] 105 | pub const IPC_GETMLINIFILEW: LPARAM = 1343;
[INFO] [stdout]     |                              ^^^^^^ not found in this scope
[INFO] [stdout] 
[INFO] [stdout] 
[INFO] [stdout] error[E0412]: cannot find type `LPARAM` in this scope
[INFO] [stdout]    --> winamp/winamp_sys/src/from_bindgen.rs:106:33
[INFO] [stdout]     |
[INFO] [stdout] 106 | pub const IPC_SPAWNBUTTONPOPUP: LPARAM = 361;
[INFO] [stdout]     |                                 ^^^^^^ not found in this scope
[INFO] [stdout] 
[INFO] [stdout] 
[INFO] [stdout] error[E0412]: cannot find type `LPARAM` in this scope
[INFO] [stdout]    --> winamp/winamp_sys/src/from_bindgen.rs:107:27
[INFO] [stdout]     |
[INFO] [stdout] 107 | pub const IPC_OPENURLBOX: LPARAM = 360;
[INFO] [stdout]     |                           ^^^^^^ not found in this scope
[INFO] [stdout] 
[INFO] [stdout] 
[INFO] [stdout] error[E0412]: cannot find type `LPARAM` in this scope
[INFO] [stdout]    --> winamp/winamp_sys/src/from_bindgen.rs:108:28
[INFO] [stdout]     |
[INFO] [stdout] 108 | pub const IPC_OPENFILEBOX: LPARAM = 362;
[INFO] [stdout]     |                            ^^^^^^ not found in this scope
[INFO] [stdout] 
[INFO] [stdout] 
[INFO] [stdout] error[E0412]: cannot find type `LPARAM` in this scope
[INFO] [stdout]    --> winamp/winamp_sys/src/from_bindgen.rs:109:27
[INFO] [stdout]     |
[INFO] [stdout] 109 | pub const IPC_OPENDIRBOX: LPARAM = 363;
[INFO] [stdout]     |                           ^^^^^^ not found in this scope
[INFO] [stdout] 
[INFO] [stdout] 
[INFO] [stdout] error[E0412]: cannot find type `LPARAM` in this scope
[INFO] [stdout]    --> winamp/winamp_sys/src/from_bindgen.rs:110:35
[INFO] [stdout]     |
[INFO] [stdout] 110 | pub const IPC_SETDIALOGBOXPARENT: LPARAM = 364;
[INFO] [stdout]     |                                   ^^^^^^ not found in this scope
[INFO] [stdout] 
[INFO] [stdout] 
[INFO] [stdout] error[E0412]: cannot find type `LPARAM` in this scope
[INFO] [stdout]    --> winamp/winamp_sys/src/from_bindgen.rs:111:35
[INFO] [stdout]     |
[INFO] [stdout] 111 | pub const IPC_GETDIALOGBOXPARENT: LPARAM = 365;
[INFO] [stdout]     |                                   ^^^^^^ not found in this scope
[INFO] [stdout] 
[INFO] [stdout] 
[INFO] [stdout] error[E0412]: cannot find type `LPARAM` in this scope
[INFO] [stdout]    --> winamp/winamp_sys/src/from_bindgen.rs:112:38
[INFO] [stdout]     |
[INFO] [stdout] 112 | pub const IPC_UPDATEDIALOGBOXPARENT: LPARAM = 366;
[INFO] [stdout]     |                                      ^^^^^^ not found in this scope
[INFO] [stdout] 
[INFO] [stdout] 
[INFO] [stdout] error[E0412]: cannot find type `LPARAM` in this scope
[INFO] [stdout]    --> winamp/winamp_sys/src/from_bindgen.rs:113:24
[INFO] [stdout]     |
[INFO] [stdout] 113 | pub const IPC_DRO_MIN: LPARAM = 401;
[INFO] [stdout]     |                        ^^^^^^ not found in this scope
[INFO] [stdout] 
[INFO] [stdout] 
[INFO] [stdout] error[E0412]: cannot find type `LPARAM` in this scope
[INFO] [stdout]    --> winamp/winamp_sys/src/from_bindgen.rs:114:35
[INFO] [stdout]     |
[INFO] [stdout] 114 | pub const IPC_SET_JTF_COMPARATOR: LPARAM = 409;
[INFO] [stdout]     |                                   ^^^^^^ not found in this scope
[INFO] [stdout] 
[INFO] [stdout] 
[INFO] [stdout] error[E0412]: cannot find type `LPARAM` in this scope
[INFO] [stdout]    --> winamp/winamp_sys/src/from_bindgen.rs:115:37
[INFO] [stdout]     |
[INFO] [stdout] 115 | pub const IPC_SET_JTF_COMPARATOR_W: LPARAM = 410;
[INFO] [stdout]     |                                     ^^^^^^ not found in this scope
[INFO] [stdout] 
[INFO] [stdout] 
[INFO] [stdout] error[E0412]: cannot find type `LPARAM` in this scope
[INFO] [stdout]    --> winamp/winamp_sys/src/from_bindgen.rs:116:33
[INFO] [stdout]     |
[INFO] [stdout] 116 | pub const IPC_SET_JTF_DRAWTEXT: LPARAM = 416;
[INFO] [stdout]     |                                 ^^^^^^ not found in this scope
[INFO] [stdout] 
[INFO] [stdout] 
[INFO] [stdout] error[E0412]: cannot find type `LPARAM` in this scope
[INFO] [stdout]    --> winamp/winamp_sys/src/from_bindgen.rs:117:34
[INFO] [stdout]     |
[INFO] [stdout] 117 | pub const IPC_SET_JTF_LOAD_MODE: LPARAM = 426;
[INFO] [stdout]     |                                  ^^^^^^ not found in this scope
[INFO] [stdout] 
[INFO] [stdout] 
[INFO] [stdout] error[E0412]: cannot find type `LPARAM` in this scope
[INFO] [stdout]    --> winamp/winamp_sys/src/from_bindgen.rs:118:24
[INFO] [stdout]     |
[INFO] [stdout] 118 | pub const IPC_DRO_MAX: LPARAM = 499;
[INFO] [stdout]     |                        ^^^^^^ not found in this scope
[INFO] [stdout] 
[INFO] [stdout] 
[INFO] [stdout] error[E0412]: cannot find type `LPARAM` in this scope
[INFO] [stdout]    --> winamp/winamp_sys/src/from_bindgen.rs:119:34
[INFO] [stdout]     |
[INFO] [stdout] 119 | pub const IPC_GET_GENSKINBITMAP: LPARAM = 503;
[INFO] [stdout]     |                                  ^^^^^^ not found in this scope
[INFO] [stdout] 
[INFO] [stdout] 
[INFO] [stdout] error[E0412]: cannot find type `LPARAM` in this scope
[INFO] [stdout]    --> winamp/winamp_sys/src/from_bindgen.rs:120:33
[INFO] [stdout]     |
[INFO] [stdout] 120 | pub const EMBED_FLAGS_NORESIZE: LPARAM = 1;
[INFO] [stdout]     |                                 ^^^^^^ not found in this scope
[INFO] [stdout] 
[INFO] [stdout] 
[INFO] [stdout] error[E0412]: cannot find type `LPARAM` in this scope
[INFO] [stdout]    --> winamp/winamp_sys/src/from_bindgen.rs:121:39
[INFO] [stdout]     |
[INFO] [stdout] 121 | pub const EMBED_FLAGS_NOTRANSPARENCY: LPARAM = 2;
[INFO] [stdout]     |                                       ^^^^^^ not found in this scope
[INFO] [stdout] 
[INFO] [stdout] 
[INFO] [stdout] error[E0412]: cannot find type `LPARAM` in this scope
[INFO] [stdout]    --> winamp/winamp_sys/src/from_bindgen.rs:122:37
[INFO] [stdout]     |
[INFO] [stdout] 122 | pub const EMBED_FLAGS_NOWINDOWMENU: LPARAM = 4;
[INFO] [stdout]     |                                     ^^^^^^ not found in this scope
[INFO] [stdout] 
[INFO] [stdout] 
[INFO] [stdout] error[E0412]: cannot find type `LPARAM` in this scope
[INFO] [stdout]    --> winamp/winamp_sys/src/from_bindgen.rs:123:29
[INFO] [stdout]     |
[INFO] [stdout] 123 | pub const EMBED_FLAGS_GUID: LPARAM = 8;
[INFO] [stdout]     |                             ^^^^^^ not found in this scope
[INFO] [stdout] 
[INFO] [stdout] 
[INFO] [stdout] error[E0412]: cannot find type `LPARAM` in this scope
[INFO] [stdout]    --> winamp/winamp_sys/src/from_bindgen.rs:124:35
[INFO] [stdout]     |
[INFO] [stdout] 124 | pub const EMBED_FLAGS_FFCALLBACK: LPARAM = 16;
[INFO] [stdout]     |                                   ^^^^^^ not found in this scope
[INFO] [stdout] 
[INFO] [stdout] 
[INFO] [stdout] error[E0412]: cannot find type `LPARAM` in this scope
[INFO] [stdout]    --> winamp/winamp_sys/src/from_bindgen.rs:125:35
[INFO] [stdout]     |
[INFO] [stdout] 125 | pub const EMBED_FLAGS_LEGACY_WND: LPARAM = 32;
[INFO] [stdout]     |                                   ^^^^^^ not found in this scope
[INFO] [stdout] 
[INFO] [stdout] 
[INFO] [stdout] error[E0412]: cannot find type `LPARAM` in this scope
[INFO] [stdout]    --> winamp/winamp_sys/src/from_bindgen.rs:126:28
[INFO] [stdout]     |
[INFO] [stdout] 126 | pub const IPC_GET_EMBEDIF: LPARAM = 505;
[INFO] [stdout]     |                            ^^^^^^ not found in this scope
[INFO] [stdout] 
[INFO] [stdout] 
[INFO] [stdout] error[E0412]: cannot find type `LPARAM` in this scope
[INFO] [stdout]    --> winamp/winamp_sys/src/from_bindgen.rs:127:22
[INFO] [stdout]     |
[INFO] [stdout] 127 | pub const EWN_FIRST: LPARAM = 0;
[INFO] [stdout]     |                      ^^^^^^ not found in this scope
[INFO] [stdout] 
[INFO] [stdout] 
[INFO] [stdout] error[E0412]: cannot find type `LPARAM` in this scope
[INFO] [stdout]    --> winamp/winamp_sys/src/from_bindgen.rs:128:27
[INFO] [stdout]     |
[INFO] [stdout] 128 | pub const EWN_SHOWWINDOW: LPARAM = 0;
[INFO] [stdout]     |                           ^^^^^^ not found in this scope
[INFO] [stdout] 
[INFO] [stdout] 
[INFO] [stdout] error[E0412]: cannot find type `LPARAM` in this scope
[INFO] [stdout]    --> winamp/winamp_sys/src/from_bindgen.rs:129:27
[INFO] [stdout]     |
[INFO] [stdout] 129 | pub const IPC_SKINWINDOW: LPARAM = 534;
[INFO] [stdout]     |                           ^^^^^^ not found in this scope
[INFO] [stdout] 
[INFO] [stdout] 
[INFO] [stdout] error[E0412]: cannot find type `LPARAM` in this scope
[INFO] [stdout]    --> winamp/winamp_sys/src/from_bindgen.rs:130:25
[INFO] [stdout]     |
[INFO] [stdout] 130 | pub const SWF_NORESIZE: LPARAM = 1;
[INFO] [stdout]     |                         ^^^^^^ not found in this scope
[INFO] [stdout] 
[INFO] [stdout] 
[INFO] [stdout] error[E0412]: cannot find type `LPARAM` in this scope
[INFO] [stdout]    --> winamp/winamp_sys/src/from_bindgen.rs:131:31
[INFO] [stdout]     |
[INFO] [stdout] 131 | pub const SWF_NOTRANSPARENCY: LPARAM = 2;
[INFO] [stdout]     |                               ^^^^^^ not found in this scope
[INFO] [stdout] 
[INFO] [stdout] 
[INFO] [stdout] error[E0412]: cannot find type `LPARAM` in this scope
[INFO] [stdout]    --> winamp/winamp_sys/src/from_bindgen.rs:132:29
[INFO] [stdout]     |
[INFO] [stdout] 132 | pub const SWF_NOWINDOWMENU: LPARAM = 4;
[INFO] [stdout]     |                             ^^^^^^ not found in this scope
[INFO] [stdout] 
[INFO] [stdout] 
[INFO] [stdout] error[E0412]: cannot find type `LPARAM` in this scope
[INFO] [stdout]    --> winamp/winamp_sys/src/from_bindgen.rs:133:27
[INFO] [stdout]     |
[INFO] [stdout] 133 | pub const IPC_EMBED_ENUM: LPARAM = 532;
[INFO] [stdout]     |                           ^^^^^^ not found in this scope
[INFO] [stdout] 
[INFO] [stdout] 
[INFO] [stdout] error[E0412]: cannot find type `LPARAM` in this scope
[INFO] [stdout]    --> winamp/winamp_sys/src/from_bindgen.rs:134:30
[INFO] [stdout]     |
[INFO] [stdout] 134 | pub const IPC_EMBED_ISVALID: LPARAM = 533;
[INFO] [stdout]     |                              ^^^^^^ not found in this scope
[INFO] [stdout] 
[INFO] [stdout] 
[INFO] [stdout] error[E0412]: cannot find type `LPARAM` in this scope
[INFO] [stdout]    --> winamp/winamp_sys/src/from_bindgen.rs:135:33
[INFO] [stdout]     |
[INFO] [stdout] 135 | pub const IPC_EMBED_ADD_LEGACY: LPARAM = 535;
[INFO] [stdout]     |                                 ^^^^^^ not found in this scope
[INFO] [stdout] 
[INFO] [stdout] 
[INFO] [stdout] error[E0412]: cannot find type `LPARAM` in this scope
[INFO] [stdout]    --> winamp/winamp_sys/src/from_bindgen.rs:136:36
[INFO] [stdout]     |
[INFO] [stdout] 136 | pub const IPC_EMBED_REMOVE_LEGACY: LPARAM = 536;
[INFO] [stdout]     |                                    ^^^^^^ not found in this scope
[INFO] [stdout] 
[INFO] [stdout] 
[INFO] [stdout] error[E0412]: cannot find type `LPARAM` in this scope
[INFO] [stdout]    --> winamp/winamp_sys/src/from_bindgen.rs:137:40
[INFO] [stdout]     |
[INFO] [stdout] 137 | pub const IPC_EMBED_UPDATE_LEGACY_POS: LPARAM = 537;
[INFO] [stdout]     |                                        ^^^^^^ not found in this scope
[INFO] [stdout] 
[INFO] [stdout] 
[INFO] [stdout] error[E0412]: cannot find type `LPARAM` in this scope
[INFO] [stdout]    --> winamp/winamp_sys/src/from_bindgen.rs:138:35
[INFO] [stdout]     |
[INFO] [stdout] 138 | pub const IPC_GET_EMBED_SNAPFUNC: LPARAM = 538;
[INFO] [stdout]     |                                   ^^^^^^ not found in this scope
[INFO] [stdout] 
[INFO] [stdout] 
[INFO] [stdout] error[E0412]: cannot find type `LPARAM` in this scope
[INFO] [stdout]    --> winamp/winamp_sys/src/from_bindgen.rs:139:28
[INFO] [stdout]     |
[INFO] [stdout] 139 | pub const IPC_CONVERTFILE: LPARAM = 506;
[INFO] [stdout]     |                            ^^^^^^ not found in this scope
[INFO] [stdout] 
[INFO] [stdout] 
[INFO] [stdout] error[E0412]: cannot find type `LPARAM` in this scope
[INFO] [stdout]    --> winamp/winamp_sys/src/from_bindgen.rs:140:29
[INFO] [stdout]     |
[INFO] [stdout] 140 | pub const IPC_CONVERTFILEW: LPARAM = 515;
[INFO] [stdout]     |                             ^^^^^^ not found in this scope
[INFO] [stdout] 
[INFO] [stdout] 
[INFO] [stdout] error[E0412]: cannot find type `LPARAM` in this scope
[INFO] [stdout]    --> winamp/winamp_sys/src/from_bindgen.rs:141:32
[INFO] [stdout]     |
[INFO] [stdout] 141 | pub const IPC_CONVERTFILE_END: LPARAM = 507;
[INFO] [stdout]     |                                ^^^^^^ not found in this scope
[INFO] [stdout] 
[INFO] [stdout] 
[INFO] [stdout] error[E0412]: cannot find type `LPARAM` in this scope
[INFO] [stdout]    --> winamp/winamp_sys/src/from_bindgen.rs:142:33
[INFO] [stdout]     |
[INFO] [stdout] 142 | pub const IPC_CONVERTFILEW_END: LPARAM = 516;
[INFO] [stdout]     |                                 ^^^^^^ not found in this scope
[INFO] [stdout] 
[INFO] [stdout] 
[INFO] [stdout] error[E0412]: cannot find type `LPARAM` in this scope
[INFO] [stdout]    --> winamp/winamp_sys/src/from_bindgen.rs:143:31
[INFO] [stdout]     |
[INFO] [stdout] 143 | pub const IPC_CONVERT_CONFIG: LPARAM = 508;
[INFO] [stdout]     |                               ^^^^^^ not found in this scope
[INFO] [stdout] 
[INFO] [stdout] 
[INFO] [stdout] error[E0412]: cannot find type `LPARAM` in this scope
[INFO] [stdout]    --> winamp/winamp_sys/src/from_bindgen.rs:144:35
[INFO] [stdout]     |
[INFO] [stdout] 144 | pub const IPC_CONVERT_CONFIG_END: LPARAM = 509;
[INFO] [stdout]     |                                   ^^^^^^ not found in this scope
[INFO] [stdout] 
[INFO] [stdout] 
[INFO] [stdout] error[E0412]: cannot find type `LPARAM` in this scope
[INFO] [stdout]    --> winamp/winamp_sys/src/from_bindgen.rs:145:40
[INFO] [stdout]     |
[INFO] [stdout] 145 | pub const IPC_CONVERT_CONFIG_ENUMFMTS: LPARAM = 510;
[INFO] [stdout]     |                                        ^^^^^^ not found in this scope
[INFO] [stdout] 
[INFO] [stdout] 
[INFO] [stdout] error[E0412]: cannot find type `LPARAM` in this scope
[INFO] [stdout]    --> winamp/winamp_sys/src/from_bindgen.rs:146:24
[INFO] [stdout]     |
[INFO] [stdout] 146 | pub const IPC_BURN_CD: LPARAM = 511;
[INFO] [stdout]     |                        ^^^^^^ not found in this scope
[INFO] [stdout] 
[INFO] [stdout] 
[INFO] [stdout] error[E0412]: cannot find type `LPARAM` in this scope
[INFO] [stdout]    --> winamp/winamp_sys/src/from_bindgen.rs:147:37
[INFO] [stdout]     |
[INFO] [stdout] 147 | pub const IPC_CONVERT_SET_PRIORITY: LPARAM = 512;
[INFO] [stdout]     |                                     ^^^^^^ not found in this scope
[INFO] [stdout] 
[INFO] [stdout] 
[INFO] [stdout] error[E0412]: cannot find type `LPARAM` in this scope
[INFO] [stdout]    --> winamp/winamp_sys/src/from_bindgen.rs:148:38
[INFO] [stdout]     |
[INFO] [stdout] 148 | pub const IPC_CONVERT_SET_PRIORITYW: LPARAM = 517;
[INFO] [stdout]     |                                      ^^^^^^ not found in this scope
[INFO] [stdout] 
[INFO] [stdout] 
[INFO] [stdout] error[E0412]: cannot find type `LPARAM` in this scope
[INFO] [stdout]    --> winamp/winamp_sys/src/from_bindgen.rs:149:29
[INFO] [stdout]     |
[INFO] [stdout] 149 | pub const IPC_CONVERT_TEST: LPARAM = 518;
[INFO] [stdout]     |                             ^^^^^^ not found in this scope
[INFO] [stdout] 
[INFO] [stdout] 
[INFO] [stdout] error[E0412]: cannot find type `LPARAM` in this scope
[INFO] [stdout]    --> winamp/winamp_sys/src/from_bindgen.rs:150:40
[INFO] [stdout]     |
[INFO] [stdout] 150 | pub const IPC_CONVERT_CONFIG_SET_ITEM: LPARAM = 513;
[INFO] [stdout]     |                                        ^^^^^^ not found in this scope
[INFO] [stdout] 
[INFO] [stdout] 
[INFO] [stdout] error[E0412]: cannot find type `LPARAM` in this scope
[INFO] [stdout]    --> winamp/winamp_sys/src/from_bindgen.rs:151:40
[INFO] [stdout]     |
[INFO] [stdout] 151 | pub const IPC_CONVERT_CONFIG_GET_ITEM: LPARAM = 514;
[INFO] [stdout]     |                                        ^^^^^^ not found in this scope
[INFO] [stdout] 
[INFO] [stdout] 
[INFO] [stdout] error[E0412]: cannot find type `LPARAM` in this scope
[INFO] [stdout]    --> winamp/winamp_sys/src/from_bindgen.rs:152:28
[INFO] [stdout]     |
[INFO] [stdout] 152 | pub const IPC_HOOK_TITLES: LPARAM = 850;
[INFO] [stdout]     |                            ^^^^^^ not found in this scope
[INFO] [stdout] 
[INFO] [stdout] 
[INFO] [stdout] error[E0412]: cannot find type `LPARAM` in this scope
[INFO] [stdout]    --> winamp/winamp_sys/src/from_bindgen.rs:153:29
[INFO] [stdout]     |
[INFO] [stdout] 153 | pub const IPC_HOOK_TITLESW: LPARAM = 851;
[INFO] [stdout]     |                             ^^^^^^ not found in this scope
[INFO] [stdout] 
[INFO] [stdout] 
[INFO] [stdout] error[E0412]: cannot find type `LPARAM` in this scope
[INFO] [stdout]    --> winamp/winamp_sys/src/from_bindgen.rs:154:30
[INFO] [stdout]     |
[INFO] [stdout] 154 | pub const IPC_GETSADATAFUNC: LPARAM = 800;
[INFO] [stdout]     |                              ^^^^^^ not found in this scope
[INFO] [stdout] 
[INFO] [stdout] 
[INFO] [stdout] error[E0412]: cannot find type `LPARAM` in this scope
[INFO] [stdout]    --> winamp/winamp_sys/src/from_bindgen.rs:155:30
[INFO] [stdout]     |
[INFO] [stdout] 155 | pub const IPC_GETVUDATAFUNC: LPARAM = 801;
[INFO] [stdout]     |                              ^^^^^^ not found in this scope
[INFO] [stdout] 
[INFO] [stdout] 
[INFO] [stdout] error[E0412]: cannot find type `LPARAM` in this scope
[INFO] [stdout]    --> winamp/winamp_sys/src/from_bindgen.rs:156:33
[INFO] [stdout]     |
[INFO] [stdout] 156 | pub const IPC_ISMAINWNDVISIBLE: LPARAM = 900;
[INFO] [stdout]     |                                 ^^^^^^ not found in this scope
[INFO] [stdout] 
[INFO] [stdout] 
[INFO] [stdout] error[E0412]: cannot find type `LPARAM` in this scope
[INFO] [stdout]    --> winamp/winamp_sys/src/from_bindgen.rs:157:32
[INFO] [stdout]     |
[INFO] [stdout] 157 | pub const IPC_SETPLEDITCOLORS: LPARAM = 920;
[INFO] [stdout]     |                                ^^^^^^ not found in this scope
[INFO] [stdout] 
[INFO] [stdout] 
[INFO] [stdout] error[E0412]: cannot find type `LPARAM` in this scope
[INFO] [stdout]    --> winamp/winamp_sys/src/from_bindgen.rs:158:34
[INFO] [stdout]     |
[INFO] [stdout] 158 | pub const IPC_SPAWNEQPRESETMENU: LPARAM = 933;
[INFO] [stdout]     |                                  ^^^^^^ not found in this scope
[INFO] [stdout] 
[INFO] [stdout] 
[INFO] [stdout] error[E0412]: cannot find type `LPARAM` in this scope
[INFO] [stdout]    --> winamp/winamp_sys/src/from_bindgen.rs:159:30
[INFO] [stdout]     |
[INFO] [stdout] 159 | pub const IPC_SPAWNFILEMENU: LPARAM = 934;
[INFO] [stdout]     |                              ^^^^^^ not found in this scope
[INFO] [stdout] 
[INFO] [stdout] 
[INFO] [stdout] error[E0412]: cannot find type `LPARAM` in this scope
[INFO] [stdout]    --> winamp/winamp_sys/src/from_bindgen.rs:160:33
[INFO] [stdout]     |
[INFO] [stdout] 160 | pub const IPC_SPAWNOPTIONSMENU: LPARAM = 935;
[INFO] [stdout]     |                                 ^^^^^^ not found in this scope
[INFO] [stdout] 
[INFO] [stdout] 
[INFO] [stdout] error[E0412]: cannot find type `LPARAM` in this scope
[INFO] [stdout]    --> winamp/winamp_sys/src/from_bindgen.rs:161:33
[INFO] [stdout]     |
[INFO] [stdout] 161 | pub const IPC_SPAWNWINDOWSMENU: LPARAM = 936;
[INFO] [stdout]     |                                 ^^^^^^ not found in this scope
[INFO] [stdout] 
[INFO] [stdout] 
[INFO] [stdout] error[E0412]: cannot find type `LPARAM` in this scope
[INFO] [stdout]    --> winamp/winamp_sys/src/from_bindgen.rs:162:30
[INFO] [stdout]     |
[INFO] [stdout] 162 | pub const IPC_SPAWNHELPMENU: LPARAM = 937;
[INFO] [stdout]     |                              ^^^^^^ not found in this scope
[INFO] [stdout] 
[INFO] [stdout] 
[INFO] [stdout] error[E0412]: cannot find type `LPARAM` in this scope
[INFO] [stdout]    --> winamp/winamp_sys/src/from_bindgen.rs:163:30
[INFO] [stdout]     |
[INFO] [stdout] 163 | pub const IPC_SPAWNPLAYMENU: LPARAM = 938;
[INFO] [stdout]     |                              ^^^^^^ not found in this scope
[INFO] [stdout] 
[INFO] [stdout] 
[INFO] [stdout] error[E0412]: cannot find type `LPARAM` in this scope
[INFO] [stdout]    --> winamp/winamp_sys/src/from_bindgen.rs:164:32
[INFO] [stdout]     |
[INFO] [stdout] 164 | pub const IPC_SPAWNPEFILEMENU: LPARAM = 939;
[INFO] [stdout]     |                                ^^^^^^ not found in this scope
[INFO] [stdout] 
[INFO] [stdout] 
[INFO] [stdout] error[E0412]: cannot find type `LPARAM` in this scope
[INFO] [stdout]    --> winamp/winamp_sys/src/from_bindgen.rs:165:36
[INFO] [stdout]     |
[INFO] [stdout] 165 | pub const IPC_SPAWNPEPLAYLISTMENU: LPARAM = 940;
[INFO] [stdout]     |                                    ^^^^^^ not found in this scope
[INFO] [stdout] 
[INFO] [stdout] 
[INFO] [stdout] error[E0412]: cannot find type `LPARAM` in this scope
[INFO] [stdout]    --> winamp/winamp_sys/src/from_bindgen.rs:166:32
[INFO] [stdout]     |
[INFO] [stdout] 166 | pub const IPC_SPAWNPESORTMENU: LPARAM = 941;
[INFO] [stdout]     |                                ^^^^^^ not found in this scope
[INFO] [stdout] 
[INFO] [stdout] 
[INFO] [stdout] error[E0412]: cannot find type `LPARAM` in this scope
[INFO] [stdout]    --> winamp/winamp_sys/src/from_bindgen.rs:167:32
[INFO] [stdout]     |
[INFO] [stdout] 167 | pub const IPC_SPAWNPEHELPMENU: LPARAM = 942;
[INFO] [stdout]     |                                ^^^^^^ not found in this scope
[INFO] [stdout] 
[INFO] [stdout] 
[INFO] [stdout] error[E0412]: cannot find type `LPARAM` in this scope
[INFO] [stdout]    --> winamp/winamp_sys/src/from_bindgen.rs:168:32
[INFO] [stdout]     |
[INFO] [stdout] 168 | pub const IPC_SPAWNMLFILEMENU: LPARAM = 943;
[INFO] [stdout]     |                                ^^^^^^ not found in this scope
[INFO] [stdout] 
[INFO] [stdout] 
[INFO] [stdout] error[E0412]: cannot find type `LPARAM` in this scope
[INFO] [stdout]    --> winamp/winamp_sys/src/from_bindgen.rs:169:32
[INFO] [stdout]     |
[INFO] [stdout] 169 | pub const IPC_SPAWNMLVIEWMENU: LPARAM = 944;
[INFO] [stdout]     |                                ^^^^^^ not found in this scope
[INFO] [stdout] 
[INFO] [stdout] 
[INFO] [stdout] error[E0412]: cannot find type `LPARAM` in this scope
[INFO] [stdout]    --> winamp/winamp_sys/src/from_bindgen.rs:170:32
[INFO] [stdout]     |
[INFO] [stdout] 170 | pub const IPC_SPAWNMLHELPMENU: LPARAM = 945;
[INFO] [stdout]     |                                ^^^^^^ not found in this scope
[INFO] [stdout] 
[INFO] [stdout] 
[INFO] [stdout] error[E0412]: cannot find type `LPARAM` in this scope
[INFO] [stdout]    --> winamp/winamp_sys/src/from_bindgen.rs:171:39
[INFO] [stdout]     |
[INFO] [stdout] 171 | pub const IPC_SPAWNPELISTOFPLAYLISTS: LPARAM = 946;
[INFO] [stdout]     |                                       ^^^^^^ not found in this scope
[INFO] [stdout] 
[INFO] [stdout] 
[INFO] [stdout] error[E0412]: cannot find type `LPARAM` in this scope
[INFO] [stdout]    --> winamp/winamp_sys/src/from_bindgen.rs:172:33
[INFO] [stdout]     |
[INFO] [stdout] 172 | pub const IPC_IS_PLAYING_VIDEO: LPARAM = 501;
[INFO] [stdout]     |                                 ^^^^^^ not found in this scope
[INFO] [stdout] 
[INFO] [stdout] 
[INFO] [stdout] error[E0412]: cannot find type `LPARAM` in this scope
[INFO] [stdout]    --> winamp/winamp_sys/src/from_bindgen.rs:173:33
[INFO] [stdout]     |
[INFO] [stdout] 173 | pub const IPC_GET_IVIDEOOUTPUT: LPARAM = 500;
[INFO] [stdout]     |                                 ^^^^^^ not found in this scope
[INFO] [stdout] 
[INFO] [stdout] 
[INFO] [stdout] error[E0412]: cannot find type `LPARAM` in this scope
[INFO] [stdout]    --> winamp/winamp_sys/src/from_bindgen.rs:174:35
[INFO] [stdout]     |
[INFO] [stdout] 174 | pub const VIDUSER_SET_INFOSTRING: LPARAM = 4096;
[INFO] [stdout]     |                                   ^^^^^^ not found in this scope
[INFO] [stdout] 
[INFO] [stdout] 
[INFO] [stdout] error[E0412]: cannot find type `LPARAM` in this scope
[INFO] [stdout]    --> winamp/winamp_sys/src/from_bindgen.rs:175:34
[INFO] [stdout]     |
[INFO] [stdout] 175 | pub const VIDUSER_GET_VIDEOHWND: LPARAM = 4097;
[INFO] [stdout]     |                                  ^^^^^^ not found in this scope
[INFO] [stdout] 
[INFO] [stdout] 
[INFO] [stdout] error[E0412]: cannot find type `LPARAM` in this scope
[INFO] [stdout]    --> winamp/winamp_sys/src/from_bindgen.rs:176:30
[INFO] [stdout]     |
[INFO] [stdout] 176 | pub const VIDUSER_SET_VFLIP: LPARAM = 4098;
[INFO] [stdout]     |                              ^^^^^^ not found in this scope
[INFO] [stdout] 
[INFO] [stdout] 
[INFO] [stdout] error[E0412]: cannot find type `LPARAM` in this scope
[INFO] [stdout]    --> winamp/winamp_sys/src/from_bindgen.rs:177:42
[INFO] [stdout]     |
[INFO] [stdout] 177 | pub const VIDUSER_SET_TRACKSELINTERFACE: LPARAM = 4099;
[INFO] [stdout]     |                                          ^^^^^^ not found in this scope
[INFO] [stdout] 
[INFO] [stdout] 
[INFO] [stdout] error[E0412]: cannot find type `LPARAM` in this scope
[INFO] [stdout]    --> winamp/winamp_sys/src/from_bindgen.rs:178:38
[INFO] [stdout]     |
[INFO] [stdout] 178 | pub const VIDUSER_OPENVIDEORENDERER: LPARAM = 4100;
[INFO] [stdout]     |                                      ^^^^^^ not found in this scope
[INFO] [stdout] 
[INFO] [stdout] 
[INFO] [stdout] error[E0412]: cannot find type `LPARAM` in this scope
[INFO] [stdout]    --> winamp/winamp_sys/src/from_bindgen.rs:179:39
[INFO] [stdout]     |
[INFO] [stdout] 179 | pub const VIDUSER_CLOSEVIDEORENDERER: LPARAM = 4101;
[INFO] [stdout]     |                                       ^^^^^^ not found in this scope
[INFO] [stdout] 
[INFO] [stdout] 
[INFO] [stdout] error[E0412]: cannot find type `LPARAM` in this scope
[INFO] [stdout]    --> winamp/winamp_sys/src/from_bindgen.rs:180:33
[INFO] [stdout]     |
[INFO] [stdout] 180 | pub const VIDUSER_GETPOPUPMENU: LPARAM = 4102;
[INFO] [stdout]     |                                 ^^^^^^ not found in this scope
[INFO] [stdout] 
[INFO] [stdout] 
[INFO] [stdout] error[E0412]: cannot find type `LPARAM` in this scope
[INFO] [stdout]    --> winamp/winamp_sys/src/from_bindgen.rs:181:36
[INFO] [stdout]     |
[INFO] [stdout] 181 | pub const VIDUSER_SET_INFOSTRINGW: LPARAM = 4103;
[INFO] [stdout]     |                                    ^^^^^^ not found in this scope
[INFO] [stdout] 
[INFO] [stdout] 
[INFO] [stdout] error[E0412]: cannot find type `LPARAM` in this scope
[INFO] [stdout]    --> winamp/winamp_sys/src/from_bindgen.rs:182:36
[INFO] [stdout]     |
[INFO] [stdout] 182 | pub const VIDUSER_SET_THREAD_SAFE: LPARAM = 4104;
[INFO] [stdout]     |                                    ^^^^^^ not found in this scope
[INFO] [stdout] 
[INFO] [stdout] 
[INFO] [stdout] error[E0412]: cannot find type `LPARAM` in this scope
[INFO] [stdout]    --> winamp/winamp_sys/src/from_bindgen.rs:183:32
[INFO] [stdout]     |
[INFO] [stdout] 183 | pub const VIDUSER_SET_PALETTE: LPARAM = 4112;
[INFO] [stdout]     |                                ^^^^^^ not found in this scope
[INFO] [stdout] 
[INFO] [stdout] 
[INFO] [stdout] error[E0412]: cannot find type `LPARAM` in this scope
[INFO] [stdout]    --> winamp/winamp_sys/src/from_bindgen.rs:184:34
[INFO] [stdout]     |
[INFO] [stdout] 184 | pub const IPC_HAS_VIDEO_SUPPORT: LPARAM = 502;
[INFO] [stdout]     |                                  ^^^^^^ not found in this scope
[INFO] [stdout] 
[INFO] [stdout] 
[INFO] [stdout] error[E0412]: cannot find type `LPARAM` in this scope
[INFO] [stdout]    --> winamp/winamp_sys/src/from_bindgen.rs:185:26
[INFO] [stdout]     |
[INFO] [stdout] 185 | pub const IPC_CB_WND_EQ: LPARAM = 0;
[INFO] [stdout]     |                          ^^^^^^ not found in this scope
[INFO] [stdout] 
[INFO] [stdout] 
[INFO] [stdout] error[E0412]: cannot find type `LPARAM` in this scope
[INFO] [stdout]    --> winamp/winamp_sys/src/from_bindgen.rs:186:26
[INFO] [stdout]     |
[INFO] [stdout] 186 | pub const IPC_CB_WND_PE: LPARAM = 1;
[INFO] [stdout]     |                          ^^^^^^ not found in this scope
[INFO] [stdout] 
[INFO] [stdout] 
[INFO] [stdout] error[E0412]: cannot find type `LPARAM` in this scope
[INFO] [stdout]    --> winamp/winamp_sys/src/from_bindgen.rs:187:26
[INFO] [stdout]     |
[INFO] [stdout] 187 | pub const IPC_CB_WND_MB: LPARAM = 2;
[INFO] [stdout]     |                          ^^^^^^ not found in this scope
[INFO] [stdout] 
[INFO] [stdout] 
[INFO] [stdout] error[E0412]: cannot find type `LPARAM` in this scope
[INFO] [stdout]    --> winamp/winamp_sys/src/from_bindgen.rs:188:29
[INFO] [stdout]     |
[INFO] [stdout] 188 | pub const IPC_CB_WND_VIDEO: LPARAM = 3;
[INFO] [stdout]     |                             ^^^^^^ not found in this scope
[INFO] [stdout] 
[INFO] [stdout] 
[INFO] [stdout] error[E0412]: cannot find type `LPARAM` in this scope
[INFO] [stdout]    --> winamp/winamp_sys/src/from_bindgen.rs:189:28
[INFO] [stdout]     |
[INFO] [stdout] 189 | pub const IPC_CB_WND_MAIN: LPARAM = 4;
[INFO] [stdout]     |                            ^^^^^^ not found in this scope
[INFO] [stdout] 
[INFO] [stdout] 
[INFO] [stdout] error[E0412]: cannot find type `LPARAM` in this scope
[INFO] [stdout]    --> winamp/winamp_sys/src/from_bindgen.rs:190:29
[INFO] [stdout]     |
[INFO] [stdout] 190 | pub const IPC_CB_ONSHOWWND: LPARAM = 600;
[INFO] [stdout]     |                             ^^^^^^ not found in this scope
[INFO] [stdout] 
[INFO] [stdout] 
[INFO] [stdout] error[E0412]: cannot find type `LPARAM` in this scope
[INFO] [stdout]    --> winamp/winamp_sys/src/from_bindgen.rs:191:29
[INFO] [stdout]     |
[INFO] [stdout] 191 | pub const IPC_CB_ONHIDEWND: LPARAM = 601;
[INFO] [stdout]     |                             ^^^^^^ not found in this scope
[INFO] [stdout] 
[INFO] [stdout] 
[INFO] [stdout] error[E0412]: cannot find type `LPARAM` in this scope
[INFO] [stdout]    --> winamp/winamp_sys/src/from_bindgen.rs:192:30
[INFO] [stdout]     |
[INFO] [stdout] 192 | pub const IPC_CB_GETTOOLTIP: LPARAM = 602;
[INFO] [stdout]     |                              ^^^^^^ not found in this scope
[INFO] [stdout] 
[INFO] [stdout] 
[INFO] [stdout] error[E0412]: cannot find type `LPARAM` in this scope
[INFO] [stdout]    --> winamp/winamp_sys/src/from_bindgen.rs:193:31
[INFO] [stdout]     |
[INFO] [stdout] 193 | pub const IPC_CB_GETTOOLTIPW: LPARAM = 1602;
[INFO] [stdout]     |                               ^^^^^^ not found in this scope
[INFO] [stdout] 
[INFO] [stdout] 
[INFO] [stdout] error[E0412]: cannot find type `LPARAM` in this scope
[INFO] [stdout]    --> winamp/winamp_sys/src/from_bindgen.rs:194:24
[INFO] [stdout]     |
[INFO] [stdout] 194 | pub const IPC_CB_MISC: LPARAM = 603;
[INFO] [stdout]     |                        ^^^^^^ not found in this scope
[INFO] [stdout] 
[INFO] [stdout] 
[INFO] [stdout] error[E0412]: cannot find type `LPARAM` in this scope
[INFO] [stdout]    --> winamp/winamp_sys/src/from_bindgen.rs:195:30
[INFO] [stdout]     |
[INFO] [stdout] 195 | pub const IPC_CB_MISC_TITLE: LPARAM = 0;
[INFO] [stdout]     |                              ^^^^^^ not found in this scope
[INFO] [stdout] 
[INFO] [stdout] 
[INFO] [stdout] error[E0412]: cannot find type `LPARAM` in this scope
[INFO] [stdout]    --> winamp/winamp_sys/src/from_bindgen.rs:196:31
[INFO] [stdout]     |
[INFO] [stdout] 196 | pub const IPC_CB_MISC_VOLUME: LPARAM = 1;
[INFO] [stdout]     |                               ^^^^^^ not found in this scope
[INFO] [stdout] 
[INFO] [stdout] 
[INFO] [stdout] error[E0412]: cannot find type `LPARAM` in this scope
[INFO] [stdout]    --> winamp/winamp_sys/src/from_bindgen.rs:197:31
[INFO] [stdout]     |
[INFO] [stdout] 197 | pub const IPC_CB_MISC_STATUS: LPARAM = 2;
[INFO] [stdout]     |                               ^^^^^^ not found in this scope
[INFO] [stdout] 
[INFO] [stdout] 
[INFO] [stdout] error[E0412]: cannot find type `LPARAM` in this scope
[INFO] [stdout]    --> winamp/winamp_sys/src/from_bindgen.rs:198:27
[INFO] [stdout]     |
[INFO] [stdout] 198 | pub const IPC_CB_MISC_EQ: LPARAM = 3;
[INFO] [stdout]     |                           ^^^^^^ not found in this scope
[INFO] [stdout] 
[INFO] [stdout] 
[INFO] [stdout] error[E0412]: cannot find type `LPARAM` in this scope
[INFO] [stdout]    --> winamp/winamp_sys/src/from_bindgen.rs:199:29
[INFO] [stdout]     |
[INFO] [stdout] 199 | pub const IPC_CB_MISC_INFO: LPARAM = 4;
[INFO] [stdout]     |                             ^^^^^^ not found in this scope
[INFO] [stdout] 
[INFO] [stdout] 
[INFO] [stdout] error[E0412]: cannot find type `LPARAM` in this scope
[INFO] [stdout]    --> winamp/winamp_sys/src/from_bindgen.rs:200:34
[INFO] [stdout]     |
[INFO] [stdout] 200 | pub const IPC_CB_MISC_VIDEOINFO: LPARAM = 5;
[INFO] [stdout]     |                                  ^^^^^^ not found in this scope
[INFO] [stdout] 
[INFO] [stdout] 
[INFO] [stdout] error[E0412]: cannot find type `LPARAM` in this scope
[INFO] [stdout]    --> winamp/winamp_sys/src/from_bindgen.rs:201:37
[INFO] [stdout]     |
[INFO] [stdout] 201 | pub const IPC_CB_MISC_TITLE_RATING: LPARAM = 6;
[INFO] [stdout]     |                                     ^^^^^^ not found in this scope
[INFO] [stdout] 
[INFO] [stdout] 
[INFO] [stdout] error[E0412]: cannot find type `LPARAM` in this scope
[INFO] [stdout]    --> winamp/winamp_sys/src/from_bindgen.rs:202:30
[INFO] [stdout]     |
[INFO] [stdout] 202 | pub const IPC_CB_MISC_PAUSE: LPARAM = 7;
[INFO] [stdout]     |                              ^^^^^^ not found in this scope
[INFO] [stdout] 
[INFO] [stdout] 
[INFO] [stdout] error[E0412]: cannot find type `LPARAM` in this scope
[INFO] [stdout]    --> winamp/winamp_sys/src/from_bindgen.rs:203:32
[INFO] [stdout]     |
[INFO] [stdout] 203 | pub const IPC_CB_MISC_UNPAUSE: LPARAM = 8;
[INFO] [stdout]     |                                ^^^^^^ not found in this scope
[INFO] [stdout] 
[INFO] [stdout] 
[INFO] [stdout] error[E0412]: cannot find type `LPARAM` in this scope
[INFO] [stdout]    --> winamp/winamp_sys/src/from_bindgen.rs:204:34
[INFO] [stdout]     |
[INFO] [stdout] 204 | pub const IPC_CB_CONVERT_STATUS: LPARAM = 604;
[INFO] [stdout]     |                                  ^^^^^^ not found in this scope
[INFO] [stdout] 
[INFO] [stdout] 
[INFO] [stdout] error[E0412]: cannot find type `LPARAM` in this scope
[INFO] [stdout]    --> winamp/winamp_sys/src/from_bindgen.rs:205:32
[INFO] [stdout]     |
[INFO] [stdout] 205 | pub const IPC_CB_CONVERT_DONE: LPARAM = 605;
[INFO] [stdout]     |                                ^^^^^^ not found in this scope
[INFO] [stdout] 
[INFO] [stdout] 
[INFO] [stdout] error[E0412]: cannot find type `LPARAM` in this scope
[INFO] [stdout]    --> winamp/winamp_sys/src/from_bindgen.rs:206:40
[INFO] [stdout]     |
[INFO] [stdout] 206 | pub const IPC_ADJUST_FFWINDOWSMENUPOS: LPARAM = 606;
[INFO] [stdout]     |                                        ^^^^^^ not found in this scope
[INFO] [stdout] 
[INFO] [stdout] 
[INFO] [stdout] error[E0412]: cannot find type `LPARAM` in this scope
[INFO] [stdout]    --> winamp/winamp_sys/src/from_bindgen.rs:207:29
[INFO] [stdout]     |
[INFO] [stdout] 207 | pub const IPC_ISDOUBLESIZE: LPARAM = 608;
[INFO] [stdout]     |                             ^^^^^^ not found in this scope
[INFO] [stdout] 
[INFO] [stdout] 
[INFO] [stdout] error[E0412]: cannot find type `LPARAM` in this scope
[INFO] [stdout]    --> winamp/winamp_sys/src/from_bindgen.rs:208:40
[INFO] [stdout]     |
[INFO] [stdout] 208 | pub const IPC_ADJUST_FFOPTIONSMENUPOS: LPARAM = 609;
[INFO] [stdout]     |                                        ^^^^^^ not found in this scope
[INFO] [stdout] 
[INFO] [stdout] 
[INFO] [stdout] error[E0412]: cannot find type `LPARAM` in this scope
[INFO] [stdout]    --> winamp/winamp_sys/src/from_bindgen.rs:209:35
[INFO] [stdout]     |
[INFO] [stdout] 209 | pub const IPC_GETTIMEDISPLAYMODE: LPARAM = 610;
[INFO] [stdout]     |                                   ^^^^^^ not found in this scope
[INFO] [stdout] 
[INFO] [stdout] 
[INFO] [stdout] error[E0412]: cannot find type `LPARAM` in this scope
[INFO] [stdout]    --> winamp/winamp_sys/src/from_bindgen.rs:210:26
[INFO] [stdout]     |
[INFO] [stdout] 210 | pub const IPC_SETVISWND: LPARAM = 611;
[INFO] [stdout]     |                          ^^^^^^ not found in this scope
[INFO] [stdout] 
[INFO] [stdout] 
[INFO] [stdout] error[E0412]: cannot find type `LPARAM` in this scope
[INFO] [stdout]    --> winamp/winamp_sys/src/from_bindgen.rs:211:26
[INFO] [stdout]     |
[INFO] [stdout] 211 | pub const IPC_GETVISWND: LPARAM = 612;
[INFO] [stdout]     |                          ^^^^^^ not found in this scope
[INFO] [stdout] 
[INFO] [stdout] 
[INFO] [stdout] error[E0412]: cannot find type `LPARAM` in this scope
[INFO] [stdout]    --> winamp/winamp_sys/src/from_bindgen.rs:212:29
[INFO] [stdout]     |
[INFO] [stdout] 212 | pub const IPC_ISVISRUNNING: LPARAM = 613;
[INFO] [stdout]     |                             ^^^^^^ not found in this scope
[INFO] [stdout] 
[INFO] [stdout] 
[INFO] [stdout] error[E0412]: cannot find type `LPARAM` in this scope
[INFO] [stdout]    --> winamp/winamp_sys/src/from_bindgen.rs:213:29
[INFO] [stdout]     |
[INFO] [stdout] 213 | pub const IPC_CB_VISRANDOM: LPARAM = 628;
[INFO] [stdout]     |                             ^^^^^^ not found in this scope
[INFO] [stdout] 
[INFO] [stdout] 
[INFO] [stdout] error[E0412]: cannot find type `LPARAM` in this scope
[INFO] [stdout]    --> winamp/winamp_sys/src/from_bindgen.rs:214:34
[INFO] [stdout]     |
[INFO] [stdout] 214 | pub const IPC_SETIDEALVIDEOSIZE: LPARAM = 614;
[INFO] [stdout]     |                                  ^^^^^^ not found in this scope
[INFO] [stdout] 
[INFO] [stdout] 
[INFO] [stdout] error[E0412]: cannot find type `LPARAM` in this scope
[INFO] [stdout]    --> winamp/winamp_sys/src/from_bindgen.rs:215:36
[INFO] [stdout]     |
[INFO] [stdout] 215 | pub const IPC_GETSTOPONVIDEOCLOSE: LPARAM = 615;
[INFO] [stdout]     |                                    ^^^^^^ not found in this scope
[INFO] [stdout] 
[INFO] [stdout] 
[INFO] [stdout] error[E0412]: cannot find type `LPARAM` in this scope
[INFO] [stdout]    --> winamp/winamp_sys/src/from_bindgen.rs:216:36
[INFO] [stdout]     |
[INFO] [stdout] 216 | pub const IPC_SETSTOPONVIDEOCLOSE: LPARAM = 616;
[INFO] [stdout]     |                                    ^^^^^^ not found in this scope
[INFO] [stdout] 
[INFO] [stdout] 
[INFO] [stdout] error[E0412]: cannot find type `LPARAM` in this scope
[INFO] [stdout]    --> winamp/winamp_sys/src/from_bindgen.rs:217:31
[INFO] [stdout]     |
[INFO] [stdout] 217 | pub const IPC_CB_ONTOGGLEAOT: LPARAM = 618;
[INFO] [stdout]     |                               ^^^^^^ not found in this scope
[INFO] [stdout] 
[INFO] [stdout] 
[INFO] [stdout] error[E0412]: cannot find type `LPARAM` in this scope
[INFO] [stdout]    --> winamp/winamp_sys/src/from_bindgen.rs:218:28
[INFO] [stdout]     |
[INFO] [stdout] 218 | pub const IPC_GETPREFSWND: LPARAM = 619;
[INFO] [stdout]     |                            ^^^^^^ not found in this scope
[INFO] [stdout] 
[INFO] [stdout] 
[INFO] [stdout] error[E0412]: cannot find type `LPARAM` in this scope
[INFO] [stdout]    --> winamp/winamp_sys/src/from_bindgen.rs:219:35
[INFO] [stdout]     |
[INFO] [stdout] 219 | pub const IPC_SET_PE_WIDTHHEIGHT: LPARAM = 620;
[INFO] [stdout]     |                                   ^^^^^^ not found in this scope
[INFO] [stdout] 
[INFO] [stdout] 
[INFO] [stdout] error[E0412]: cannot find type `LPARAM` in this scope
[INFO] [stdout]    --> winamp/winamp_sys/src/from_bindgen.rs:220:40
[INFO] [stdout]     |
[INFO] [stdout] 220 | pub const IPC_GETLANGUAGEPACKINSTANCE: LPARAM = 621;
[INFO] [stdout]     |                                        ^^^^^^ not found in this scope
[INFO] [stdout] 
[INFO] [stdout] 
[INFO] [stdout] error[E0412]: cannot find type `LPARAM` in this scope
[INFO] [stdout]    --> winamp/winamp_sys/src/from_bindgen.rs:221:30
[INFO] [stdout]     |
[INFO] [stdout] 221 | pub const IPC_CB_PEINFOTEXT: LPARAM = 622;
[INFO] [stdout]     |                              ^^^^^^ not found in this scope
[INFO] [stdout] 
[INFO] [stdout] 
[INFO] [stdout] error[E0412]: cannot find type `LPARAM` in this scope
[INFO] [stdout]    --> winamp/winamp_sys/src/from_bindgen.rs:222:33
[INFO] [stdout]     |
[INFO] [stdout] 222 | pub const IPC_CB_OUTPUTCHANGED: LPARAM = 623;
[INFO] [stdout]     |                                 ^^^^^^ not found in this scope
[INFO] [stdout] 
[INFO] [stdout] 
[INFO] [stdout] error[E0412]: cannot find type `LPARAM` in this scope
[INFO] [stdout]    --> winamp/winamp_sys/src/from_bindgen.rs:223:32
[INFO] [stdout]     |
[INFO] [stdout] 223 | pub const IPC_GETOUTPUTPLUGIN: LPARAM = 625;
[INFO] [stdout]     |                                ^^^^^^ not found in this scope
[INFO] [stdout] 
[INFO] [stdout] 
[INFO] [stdout] error[E0412]: cannot find type `LPARAM` in this scope
[INFO] [stdout]    --> winamp/winamp_sys/src/from_bindgen.rs:224:31
[INFO] [stdout]     |
[INFO] [stdout] 224 | pub const IPC_SETDRAWBORDERS: LPARAM = 626;
[INFO] [stdout]     |                               ^^^^^^ not found in this scope
[INFO] [stdout] 
[INFO] [stdout] 
[INFO] [stdout] error[E0412]: cannot find type `LPARAM` in this scope
[INFO] [stdout]    --> winamp/winamp_sys/src/from_bindgen.rs:225:35
[INFO] [stdout]     |
[INFO] [stdout] 225 | pub const IPC_DISABLESKINCURSORS: LPARAM = 627;
[INFO] [stdout]     |                                   ^^^^^^ not found in this scope
[INFO] [stdout] 
[INFO] [stdout] 
[INFO] [stdout] error[E0412]: cannot find type `LPARAM` in this scope
[INFO] [stdout]    --> winamp/winamp_sys/src/from_bindgen.rs:226:31
[INFO] [stdout]     |
[INFO] [stdout] 226 | pub const IPC_GETSKINCURSORS: LPARAM = 628;
[INFO] [stdout]     |                               ^^^^^^ not found in this scope
[INFO] [stdout] 
[INFO] [stdout] 
[INFO] [stdout] error[E0412]: cannot find type `LPARAM` in this scope
[INFO] [stdout]    --> winamp/winamp_sys/src/from_bindgen.rs:227:29
[INFO] [stdout]     |
[INFO] [stdout] 227 | pub const IPC_CB_RESETFONT: LPARAM = 629;
[INFO] [stdout]     |                             ^^^^^^ not found in this scope
[INFO] [stdout] 
[INFO] [stdout] 
[INFO] [stdout] error[E0412]: cannot find type `LPARAM` in this scope
[INFO] [stdout]    --> winamp/winamp_sys/src/from_bindgen.rs:228:30
[INFO] [stdout]     |
[INFO] [stdout] 228 | pub const IPC_IS_FULLSCREEN: LPARAM = 630;
[INFO] [stdout]     |                              ^^^^^^ not found in this scope
[INFO] [stdout] 
[INFO] [stdout] 
[INFO] [stdout] error[E0412]: cannot find type `LPARAM` in this scope
[INFO] [stdout]    --> winamp/winamp_sys/src/from_bindgen.rs:229:32
[INFO] [stdout]     |
[INFO] [stdout] 229 | pub const IPC_SET_VIS_FS_FLAG: LPARAM = 631;
[INFO] [stdout]     |                                ^^^^^^ not found in this scope
[INFO] [stdout] 
[INFO] [stdout] 
[INFO] [stdout] error[E0412]: cannot find type `LPARAM` in this scope
[INFO] [stdout]    --> winamp/winamp_sys/src/from_bindgen.rs:230:34
[INFO] [stdout]     |
[INFO] [stdout] 230 | pub const IPC_SHOW_NOTIFICATION: LPARAM = 632;
[INFO] [stdout]     |                                  ^^^^^^ not found in this scope
[INFO] [stdout] 
[INFO] [stdout] 
[INFO] [stdout] error[E0412]: cannot find type `LPARAM` in this scope
[INFO] [stdout]    --> winamp/winamp_sys/src/from_bindgen.rs:231:28
[INFO] [stdout]     |
[INFO] [stdout] 231 | pub const IPC_GETSKININFO: LPARAM = 633;
[INFO] [stdout]     |                            ^^^^^^ not found in this scope
[INFO] [stdout] 
[INFO] [stdout] 
[INFO] [stdout] error[E0412]: cannot find type `LPARAM` in this scope
[INFO] [stdout]    --> winamp/winamp_sys/src/from_bindgen.rs:232:29
[INFO] [stdout]     |
[INFO] [stdout] 232 | pub const IPC_GETSKININFOW: LPARAM = 1633;
[INFO] [stdout]     |                             ^^^^^^ not found in this scope
[INFO] [stdout] 
[INFO] [stdout] 
[INFO] [stdout] error[E0412]: cannot find type `LPARAM` in this scope
[INFO] [stdout]    --> winamp/winamp_sys/src/from_bindgen.rs:233:36
[INFO] [stdout]     |
[INFO] [stdout] 233 | pub const IPC_GET_MANUALPLADVANCE: LPARAM = 634;
[INFO] [stdout]     |                                    ^^^^^^ not found in this scope
[INFO] [stdout] 
[INFO] [stdout] 
[INFO] [stdout] error[E0412]: cannot find type `LPARAM` in this scope
[INFO] [stdout]    --> winamp/winamp_sys/src/from_bindgen.rs:234:36
[INFO] [stdout]     |
[INFO] [stdout] 234 | pub const IPC_SET_MANUALPLADVANCE: LPARAM = 635;
[INFO] [stdout]     |                                    ^^^^^^ not found in this scope
[INFO] [stdout] 
[INFO] [stdout] 
[INFO] [stdout] error[E0412]: cannot find type `LPARAM` in this scope
[INFO] [stdout]    --> winamp/winamp_sys/src/from_bindgen.rs:235:32
[INFO] [stdout]     |
[INFO] [stdout] 235 | pub const IPC_GET_NEXT_PLITEM: LPARAM = 636;
[INFO] [stdout]     |                                ^^^^^^ not found in this scope
[INFO] [stdout] 
[INFO] [stdout] 
[INFO] [stdout] error[E0412]: cannot find type `LPARAM` in this scope
[INFO] [stdout]    --> winamp/winamp_sys/src/from_bindgen.rs:236:36
[INFO] [stdout]     |
[INFO] [stdout] 236 | pub const IPC_GET_PREVIOUS_PLITEM: LPARAM = 637;
[INFO] [stdout]     |                                    ^^^^^^ not found in this scope
[INFO] [stdout] 
[INFO] [stdout] 
[INFO] [stdout] error[E0412]: cannot find type `LPARAM` in this scope
[INFO] [stdout]    --> winamp/winamp_sys/src/from_bindgen.rs:237:28
[INFO] [stdout]     |
[INFO] [stdout] 237 | pub const IPC_IS_WNDSHADE: LPARAM = 638;
[INFO] [stdout]     |                            ^^^^^^ not found in this scope
[INFO] [stdout] 
[INFO] [stdout] 
[INFO] [stdout] error[E0412]: cannot find type `LPARAM` in this scope
[INFO] [stdout]    --> winamp/winamp_sys/src/from_bindgen.rs:238:26
[INFO] [stdout]     |
[INFO] [stdout] 238 | pub const IPC_SETRATING: LPARAM = 639;
[INFO] [stdout]     |                          ^^^^^^ not found in this scope
[INFO] [stdout] 
[INFO] [stdout] 
[INFO] [stdout] error[E0412]: cannot find type `LPARAM` in this scope
[INFO] [stdout]    --> winamp/winamp_sys/src/from_bindgen.rs:239:26
[INFO] [stdout]     |
[INFO] [stdout] 239 | pub const IPC_GETRATING: LPARAM = 640;
[INFO] [stdout]     |                          ^^^^^^ not found in this scope
[INFO] [stdout] 
[INFO] [stdout] 
[INFO] [stdout] error[E0412]: cannot find type `LPARAM` in this scope
[INFO] [stdout]    --> winamp/winamp_sys/src/from_bindgen.rs:240:34
[INFO] [stdout]     |
[INFO] [stdout] 240 | pub const IPC_GETNUMAUDIOTRACKS: LPARAM = 641;
[INFO] [stdout]     |                                  ^^^^^^ not found in this scope
[INFO] [stdout] 
[INFO] [stdout] 
[INFO] [stdout] error[E0412]: cannot find type `LPARAM` in this scope
[INFO] [stdout]    --> winamp/winamp_sys/src/from_bindgen.rs:241:34
[INFO] [stdout]     |
[INFO] [stdout] 241 | pub const IPC_GETNUMVIDEOTRACKS: LPARAM = 642;
[INFO] [stdout]     |                                  ^^^^^^ not found in this scope
[INFO] [stdout] 
[INFO] [stdout] 
[INFO] [stdout] error[E0412]: cannot find type `LPARAM` in this scope
[INFO] [stdout]    --> winamp/winamp_sys/src/from_bindgen.rs:242:30
[INFO] [stdout]     |
[INFO] [stdout] 242 | pub const IPC_GETAUDIOTRACK: LPARAM = 643;
[INFO] [stdout]     |                              ^^^^^^ not found in this scope
[INFO] [stdout] 
[INFO] [stdout] 
[INFO] [stdout] error[E0412]: cannot find type `LPARAM` in this scope
[INFO] [stdout]    --> winamp/winamp_sys/src/from_bindgen.rs:243:30
[INFO] [stdout]     |
[INFO] [stdout] 243 | pub const IPC_GETVIDEOTRACK: LPARAM = 644;
[INFO] [stdout]     |                              ^^^^^^ not found in this scope
[INFO] [stdout] 
[INFO] [stdout] 
[INFO] [stdout] error[E0412]: cannot find type `LPARAM` in this scope
[INFO] [stdout]    --> winamp/winamp_sys/src/from_bindgen.rs:244:30
[INFO] [stdout]     |
[INFO] [stdout] 244 | pub const IPC_SETAUDIOTRACK: LPARAM = 645;
[INFO] [stdout]     |                              ^^^^^^ not found in this scope
[INFO] [stdout] 
[INFO] [stdout] 
[INFO] [stdout] error[E0412]: cannot find type `LPARAM` in this scope
[INFO] [stdout]    --> winamp/winamp_sys/src/from_bindgen.rs:245:30
[INFO] [stdout]     |
[INFO] [stdout] 245 | pub const IPC_SETVIDEOTRACK: LPARAM = 646;
[INFO] [stdout]     |                              ^^^^^^ not found in this scope
[INFO] [stdout] 
[INFO] [stdout] 
[INFO] [stdout] error[E0412]: cannot find type `LPARAM` in this scope
[INFO] [stdout]    --> winamp/winamp_sys/src/from_bindgen.rs:246:34
[INFO] [stdout]     |
[INFO] [stdout] 246 | pub const IPC_PUSH_DISABLE_EXIT: LPARAM = 647;
[INFO] [stdout]     |                                  ^^^^^^ not found in this scope
[INFO] [stdout] 
[INFO] [stdout] 
[INFO] [stdout] error[E0412]: cannot find type `LPARAM` in this scope
[INFO] [stdout]    --> winamp/winamp_sys/src/from_bindgen.rs:247:33
[INFO] [stdout]     |
[INFO] [stdout] 247 | pub const IPC_POP_DISABLE_EXIT: LPARAM = 648;
[INFO] [stdout]     |                                 ^^^^^^ not found in this scope
[INFO] [stdout] 
[INFO] [stdout] 
[INFO] [stdout] error[E0412]: cannot find type `LPARAM` in this scope
[INFO] [stdout]    --> winamp/winamp_sys/src/from_bindgen.rs:248:32
[INFO] [stdout]     |
[INFO] [stdout] 248 | pub const IPC_IS_EXIT_ENABLED: LPARAM = 649;
[INFO] [stdout]     |                                ^^^^^^ not found in this scope
[INFO] [stdout] 
[INFO] [stdout] 
[INFO] [stdout] error[E0412]: cannot find type `LPARAM` in this scope
[INFO] [stdout]    --> winamp/winamp_sys/src/from_bindgen.rs:249:23
[INFO] [stdout]     |
[INFO] [stdout] 249 | pub const IPC_IS_AOT: LPARAM = 650;
[INFO] [stdout]     |                       ^^^^^^ not found in this scope
[INFO] [stdout] 
[INFO] [stdout] 
[INFO] [stdout] error[E0412]: cannot find type `LPARAM` in this scope
[INFO] [stdout]    --> winamp/winamp_sys/src/from_bindgen.rs:250:32
[INFO] [stdout]     |
[INFO] [stdout] 250 | pub const IPC_USES_RECYCLEBIN: LPARAM = 651;
[INFO] [stdout]     |                                ^^^^^^ not found in this scope
[INFO] [stdout] 
[INFO] [stdout] 
[INFO] [stdout] error[E0412]: cannot find type `LPARAM` in this scope
[INFO] [stdout]    --> winamp/winamp_sys/src/from_bindgen.rs:251:28
[INFO] [stdout]     |
[INFO] [stdout] 251 | pub const IPC_FLUSHAUDITS: LPARAM = 652;
[INFO] [stdout]     |                            ^^^^^^ not found in this scope
[INFO] [stdout] 
[INFO] [stdout] 
[INFO] [stdout] error[E0412]: cannot find type `LPARAM` in this scope
[INFO] [stdout]    --> winamp/winamp_sys/src/from_bindgen.rs:252:34
[INFO] [stdout]     |
[INFO] [stdout] 252 | pub const IPC_GETPLAYITEM_START: LPARAM = 653;
[INFO] [stdout]     |                                  ^^^^^^ not found in this scope
[INFO] [stdout] 
[INFO] [stdout] 
[INFO] [stdout] error[E0412]: cannot find type `LPARAM` in this scope
[INFO] [stdout]    --> winamp/winamp_sys/src/from_bindgen.rs:253:32
[INFO] [stdout]     |
[INFO] [stdout] 253 | pub const IPC_GETPLAYITEM_END: LPARAM = 654;
[INFO] [stdout]     |                                ^^^^^^ not found in this scope
[INFO] [stdout] 
[INFO] [stdout] 
[INFO] [stdout] error[E0412]: cannot find type `LPARAM` in this scope
[INFO] [stdout]    --> winamp/winamp_sys/src/from_bindgen.rs:254:31
[INFO] [stdout]     |
[INFO] [stdout] 254 | pub const IPC_GETVIDEORESIZE: LPARAM = 655;
[INFO] [stdout]     |                               ^^^^^^ not found in this scope
[INFO] [stdout] 
[INFO] [stdout] 
[INFO] [stdout] error[E0412]: cannot find type `LPARAM` in this scope
[INFO] [stdout]    --> winamp/winamp_sys/src/from_bindgen.rs:255:31
[INFO] [stdout]     |
[INFO] [stdout] 255 | pub const IPC_SETVIDEORESIZE: LPARAM = 656;
[INFO] [stdout]     |                               ^^^^^^ not found in this scope
[INFO] [stdout] 
[INFO] [stdout] 
[INFO] [stdout] error[E0412]: cannot find type `LPARAM` in this scope
[INFO] [stdout]    --> winamp/winamp_sys/src/from_bindgen.rs:256:35
[INFO] [stdout]     |
[INFO] [stdout] 256 | pub const IPC_INITIAL_SHOW_STATE: LPARAM = 657;
[INFO] [stdout]     |                                   ^^^^^^ not found in this scope
[INFO] [stdout] 
[INFO] [stdout] 
[INFO] [stdout] error[E0412]: cannot find type `LPARAM` in this scope
[INFO] [stdout]    --> winamp/winamp_sys/src/from_bindgen.rs:257:39
[INFO] [stdout]     |
[INFO] [stdout] 257 | pub const IPC_GET_STOP_AFTER_CURRENT: LPARAM = 658;
[INFO] [stdout]     |                                       ^^^^^^ not found in this scope
[INFO] [stdout] 
[INFO] [stdout] 
[INFO] [stdout] error[E0412]: cannot find type `LPARAM` in this scope
[INFO] [stdout]    --> winamp/winamp_sys/src/from_bindgen.rs:258:22
[INFO] [stdout]     |
[INFO] [stdout] 258 | pub const IPC_PLCMD: LPARAM = 1000;
[INFO] [stdout]     |                      ^^^^^^ not found in this scope
[INFO] [stdout] 
[INFO] [stdout] 
[INFO] [stdout] error[E0412]: cannot find type `LPARAM` in this scope
[INFO] [stdout]    --> winamp/winamp_sys/src/from_bindgen.rs:259:23
[INFO] [stdout]     |
[INFO] [stdout] 259 | pub const IPC_VIDCMD: LPARAM = 1002;
[INFO] [stdout]     |                       ^^^^^^ not found in this scope
[INFO] [stdout] 
[INFO] [stdout] 
[INFO] [stdout] error[E0412]: cannot find type `LPARAM` in this scope
[INFO] [stdout]    --> winamp/winamp_sys/src/from_bindgen.rs:260:38
[INFO] [stdout]     |
[INFO] [stdout] 260 | pub const IPC_STATS_LIBRARY_ITEMCNT: LPARAM = 1300;
[INFO] [stdout]     |                                      ^^^^^^ not found in this scope
[INFO] [stdout] 
[INFO] [stdout] 
[INFO] [stdout] error[E0412]: cannot find type `LPARAM` in this scope
[INFO] [stdout]    --> winamp/winamp_sys/src/from_bindgen.rs:261:25
[INFO] [stdout]     |
[INFO] [stdout] 261 | pub const IPC_FF_FIRST: LPARAM = 2000;
[INFO] [stdout]     |                         ^^^^^^ not found in this scope
[INFO] [stdout] 
[INFO] [stdout] 
[INFO] [stdout] error[E0412]: cannot find type `LPARAM` in this scope
[INFO] [stdout]    --> winamp/winamp_sys/src/from_bindgen.rs:262:39
[INFO] [stdout]     |
[INFO] [stdout] 262 | pub const IPC_FF_ONCOLORTHEMECHANGED: LPARAM = 2003;
[INFO] [stdout]     |                                       ^^^^^^ not found in this scope
[INFO] [stdout] 
[INFO] [stdout] 
[INFO] [stdout] error[E0412]: cannot find type `LPARAM` in this scope
[INFO] [stdout]    --> winamp/winamp_sys/src/from_bindgen.rs:263:29
[INFO] [stdout]     |
[INFO] [stdout] 263 | pub const IPC_FF_ISMAINWND: LPARAM = 2004;
[INFO] [stdout]     |                             ^^^^^^ not found in this scope
[INFO] [stdout] 
[INFO] [stdout] 
[INFO] [stdout] error[E0412]: cannot find type `LPARAM` in this scope
[INFO] [stdout]    --> winamp/winamp_sys/src/from_bindgen.rs:264:33
[INFO] [stdout]     |
[INFO] [stdout] 264 | pub const IPC_FF_GETCONTENTWND: LPARAM = 2005;
[INFO] [stdout]     |                                 ^^^^^^ not found in this scope
[INFO] [stdout] 
[INFO] [stdout] 
[INFO] [stdout] error[E0412]: cannot find type `LPARAM` in this scope
[INFO] [stdout]    --> winamp/winamp_sys/src/from_bindgen.rs:265:32
[INFO] [stdout]     |
[INFO] [stdout] 265 | pub const IPC_FF_NOTIFYHOTKEY: LPARAM = 2006;
[INFO] [stdout]     |                                ^^^^^^ not found in this scope
[INFO] [stdout] 
[INFO] [stdout] 
[INFO] [stdout] error[E0412]: cannot find type `LPARAM` in this scope
[INFO] [stdout]    --> winamp/winamp_sys/src/from_bindgen.rs:266:24
[INFO] [stdout]     |
[INFO] [stdout] 266 | pub const IPC_FF_LAST: LPARAM = 3000;
[INFO] [stdout]     |                        ^^^^^^ not found in this scope
[INFO] [stdout] 
[INFO] [stdout] 
[INFO] [stdout] error[E0412]: cannot find type `LPARAM` in this scope
[INFO] [stdout]    --> winamp/winamp_sys/src/from_bindgen.rs:267:30
[INFO] [stdout]     |
[INFO] [stdout] 267 | pub const IPC_GETDROPTARGET: LPARAM = 3001;
[INFO] [stdout]     |                              ^^^^^^ not found in this scope
[INFO] [stdout] 
[INFO] [stdout] 
[INFO] [stdout] error[E0412]: cannot find type `LPARAM` in this scope
[INFO] [stdout]    --> winamp/winamp_sys/src/from_bindgen.rs:268:34
[INFO] [stdout]     |
[INFO] [stdout] 268 | pub const IPC_PLAYLIST_MODIFIED: LPARAM = 3002;
[INFO] [stdout]     |                                  ^^^^^^ not found in this scope
[INFO] [stdout] 
[INFO] [stdout] 
[INFO] [stdout] error[E0412]: cannot find type `LPARAM` in this scope
[INFO] [stdout]    --> winamp/winamp_sys/src/from_bindgen.rs:269:29
[INFO] [stdout]     |
[INFO] [stdout] 269 | pub const IPC_PLAYING_FILE: LPARAM = 3003;
[INFO] [stdout]     |                             ^^^^^^ not found in this scope
[INFO] [stdout] 
[INFO] [stdout] 
[INFO] [stdout] error[E0412]: cannot find type `LPARAM` in this scope
[INFO] [stdout]    --> winamp/winamp_sys/src/from_bindgen.rs:270:30
[INFO] [stdout]     |
[INFO] [stdout] 270 | pub const IPC_PLAYING_FILEW: LPARAM = 13003;
[INFO] [stdout]     |                              ^^^^^^ not found in this scope
[INFO] [stdout] 
[INFO] [stdout] 
[INFO] [stdout] error[E0412]: cannot find type `LPARAM` in this scope
[INFO] [stdout]    --> winamp/winamp_sys/src/from_bindgen.rs:271:37
[INFO] [stdout]     |
[INFO] [stdout] 271 | pub const IPC_FILE_TAG_MAY_UPDATEW: LPARAM = 3046;
[INFO] [stdout]     |                                     ^^^^^^ not found in this scope
[INFO] [stdout] 
[INFO] [stdout] 
[INFO] [stdout] error[E0412]: cannot find type `LPARAM` in this scope
[INFO] [stdout]    --> winamp/winamp_sys/src/from_bindgen.rs:272:42
[INFO] [stdout]     |
[INFO] [stdout] 272 | pub const IPC_FILE_TAG_MAY_HAVE_UPDATED: LPARAM = 3004;
[INFO] [stdout]     |                                          ^^^^^^ not found in this scope
[INFO] [stdout] 
[INFO] [stdout] 
[INFO] [stdout] error[E0412]: cannot find type `LPARAM` in this scope
[INFO] [stdout]    --> winamp/winamp_sys/src/from_bindgen.rs:273:43
[INFO] [stdout]     |
[INFO] [stdout] 273 | pub const IPC_FILE_TAG_MAY_HAVE_UPDATEDW: LPARAM = 3005;
[INFO] [stdout]     |                                           ^^^^^^ not found in this scope
[INFO] [stdout] 
[INFO] [stdout] 
[INFO] [stdout] error[E0412]: cannot find type `LPARAM` in this scope
[INFO] [stdout]    --> winamp/winamp_sys/src/from_bindgen.rs:274:35
[INFO] [stdout]     |
[INFO] [stdout] 274 | pub const IPC_ALLOW_PLAYTRACKING: LPARAM = 3007;
[INFO] [stdout]     |                                   ^^^^^^ not found in this scope
[INFO] [stdout] 
[INFO] [stdout] 
[INFO] [stdout] error[E0412]: cannot find type `LPARAM` in this scope
[INFO] [stdout]    --> winamp/winamp_sys/src/from_bindgen.rs:275:30
[INFO] [stdout]     |
[INFO] [stdout] 275 | pub const IPC_HOOK_OKTOQUIT: LPARAM = 3010;
[INFO] [stdout]     |                              ^^^^^^ not found in this scope
[INFO] [stdout] 
[INFO] [stdout] 
[INFO] [stdout] error[E0412]: cannot find type `LPARAM` in this scope
[INFO] [stdout]    --> winamp/winamp_sys/src/from_bindgen.rs:276:28
[INFO] [stdout]     |
[INFO] [stdout] 276 | pub const IPC_WRITECONFIG: LPARAM = 3011;
[INFO] [stdout]     |                            ^^^^^^ not found in this scope
[INFO] [stdout] 
[INFO] [stdout] 
[INFO] [stdout] error[E0412]: cannot find type `LPARAM` in this scope
[INFO] [stdout]    --> winamp/winamp_sys/src/from_bindgen.rs:277:27
[INFO] [stdout]     |
[INFO] [stdout] 277 | pub const IPC_UPDATE_URL: LPARAM = 3012;
[INFO] [stdout]     |                           ^^^^^^ not found in this scope
[INFO] [stdout] 
[INFO] [stdout] 
[INFO] [stdout] error[E0412]: cannot find type `LPARAM` in this scope
[INFO] [stdout]    --> winamp/winamp_sys/src/from_bindgen.rs:278:29
[INFO] [stdout]     |
[INFO] [stdout] 278 | pub const IPC_GET_RANDFUNC: LPARAM = 3015;
[INFO] [stdout]     |                             ^^^^^^ not found in this scope
[INFO] [stdout] 
[INFO] [stdout] 
[INFO] [stdout] error[E0412]: cannot find type `LPARAM` in this scope
[INFO] [stdout]    --> winamp/winamp_sys/src/from_bindgen.rs:279:33
[INFO] [stdout]     |
[INFO] [stdout] 279 | pub const IPC_METADATA_CHANGED: LPARAM = 3017;
[INFO] [stdout]     |                                 ^^^^^^ not found in this scope
[INFO] [stdout] 
[INFO] [stdout] 
[INFO] [stdout] error[E0412]: cannot find type `LPARAM` in this scope
[INFO] [stdout]    --> winamp/winamp_sys/src/from_bindgen.rs:280:29
[INFO] [stdout]     |
[INFO] [stdout] 280 | pub const IPC_SKIN_CHANGED: LPARAM = 3018;
[INFO] [stdout]     |                             ^^^^^^ not found in this scope
[INFO] [stdout] 
[INFO] [stdout] 
[INFO] [stdout] error[E0412]: cannot find type `LPARAM` in this scope
[INFO] [stdout]    --> winamp/winamp_sys/src/from_bindgen.rs:281:40
[INFO] [stdout]     |
[INFO] [stdout] 281 | pub const IPC_REGISTER_LOWORD_COMMAND: LPARAM = 3019;
[INFO] [stdout]     |                                        ^^^^^^ not found in this scope
[INFO] [stdout] 
[INFO] [stdout] 
[INFO] [stdout] error[E0412]: cannot find type `LPARAM` in this scope
[INFO] [stdout]    --> winamp/winamp_sys/src/from_bindgen.rs:282:36
[INFO] [stdout]     |
[INFO] [stdout] 282 | pub const IPC_GET_DISPATCH_OBJECT: LPARAM = 3020;
[INFO] [stdout]     |                                    ^^^^^^ not found in this scope
[INFO] [stdout] 
[INFO] [stdout] 
[INFO] [stdout] error[E0412]: cannot find type `LPARAM` in this scope
[INFO] [stdout]    --> winamp/winamp_sys/src/from_bindgen.rs:283:39
[INFO] [stdout]     |
[INFO] [stdout] 283 | pub const IPC_GET_UNIQUE_DISPATCH_ID: LPARAM = 3021;
[INFO] [stdout]     |                                       ^^^^^^ not found in this scope
[INFO] [stdout] 
[INFO] [stdout] 
[INFO] [stdout] error[E0412]: cannot find type `LPARAM` in this scope
[INFO] [stdout]    --> winamp/winamp_sys/src/from_bindgen.rs:284:36
[INFO] [stdout]     |
[INFO] [stdout] 284 | pub const IPC_ADD_DISPATCH_OBJECT: LPARAM = 3022;
[INFO] [stdout]     |                                    ^^^^^^ not found in this scope
[INFO] [stdout] 
[INFO] [stdout] 
[INFO] [stdout] error[E0412]: cannot find type `LPARAM` in this scope
[INFO] [stdout]    --> winamp/winamp_sys/src/from_bindgen.rs:285:39
[INFO] [stdout]     |
[INFO] [stdout] 285 | pub const IPC_REMOVE_DISPATCH_OBJECT: LPARAM = 3038;
[INFO] [stdout]     |                                       ^^^^^^ not found in this scope
[INFO] [stdout] 
[INFO] [stdout] 
[INFO] [stdout] error[E0412]: cannot find type `LPARAM` in this scope
[INFO] [stdout]    --> winamp/winamp_sys/src/from_bindgen.rs:286:33
[INFO] [stdout]     |
[INFO] [stdout] 286 | pub const IPC_GET_PROXY_STRING: LPARAM = 3023;
[INFO] [stdout]     |                                 ^^^^^^ not found in this scope
[INFO] [stdout] 
[INFO] [stdout] 
[INFO] [stdout] error[E0412]: cannot find type `LPARAM` in this scope
[INFO] [stdout]    --> winamp/winamp_sys/src/from_bindgen.rs:287:29
[INFO] [stdout]     |
[INFO] [stdout] 287 | pub const IPC_USE_REGISTRY: LPARAM = 3024;
[INFO] [stdout]     |                             ^^^^^^ not found in this scope
[INFO] [stdout] 
[INFO] [stdout] 
[INFO] [stdout] error[E0412]: cannot find type `LPARAM` in this scope
[INFO] [stdout]    --> winamp/winamp_sys/src/from_bindgen.rs:288:32
[INFO] [stdout]     |
[INFO] [stdout] 288 | pub const IPC_GET_API_SERVICE: LPARAM = 3025;
[INFO] [stdout]     |                                ^^^^^^ not found in this scope
[INFO] [stdout] 
[INFO] [stdout] 
[INFO] [stdout] error[E0412]: cannot find type `LPARAM` in this scope
[INFO] [stdout]    --> winamp/winamp_sys/src/from_bindgen.rs:289:40
[INFO] [stdout]     |
[INFO] [stdout] 289 | pub const IPC_GET_EXTENDED_FILE_INFOW: LPARAM = 3026;
[INFO] [stdout]     |                                        ^^^^^^ not found in this scope
[INFO] [stdout] 
[INFO] [stdout] 
[INFO] [stdout] error[E0412]: cannot find type `LPARAM` in this scope
[INFO] [stdout]    --> winamp/winamp_sys/src/from_bindgen.rs:290:49
[INFO] [stdout]     |
[INFO] [stdout] 290 | pub const IPC_GET_EXTENDED_FILE_INFOW_HOOKABLE: LPARAM = 3027;
[INFO] [stdout]     |                                                 ^^^^^^ not found in this scope
[INFO] [stdout] 
[INFO] [stdout] 
[INFO] [stdout] error[E0412]: cannot find type `LPARAM` in this scope
[INFO] [stdout]    --> winamp/winamp_sys/src/from_bindgen.rs:291:40
[INFO] [stdout]     |
[INFO] [stdout] 291 | pub const IPC_SET_EXTENDED_FILE_INFOW: LPARAM = 3028;
[INFO] [stdout]     |                                        ^^^^^^ not found in this scope
[INFO] [stdout] 
[INFO] [stdout] 
[INFO] [stdout] error[E0412]: cannot find type `LPARAM` in this scope
[INFO] [stdout]    --> winamp/winamp_sys/src/from_bindgen.rs:292:43
[INFO] [stdout]     |
[INFO] [stdout] 292 | pub const IPC_PLAYLIST_GET_NEXT_SELECTED: LPARAM = 3029;
[INFO] [stdout]     |                                           ^^^^^^ not found in this scope
[INFO] [stdout] 
[INFO] [stdout] 
[INFO] [stdout] error[E0412]: cannot find type `LPARAM` in this scope
[INFO] [stdout]    --> winamp/winamp_sys/src/from_bindgen.rs:293:44
[INFO] [stdout]     |
[INFO] [stdout] 293 | pub const IPC_PLAYLIST_GET_SELECTED_COUNT: LPARAM = 3030;
[INFO] [stdout]     |                                            ^^^^^^ not found in this scope
[INFO] [stdout] 
[INFO] [stdout] 
[INFO] [stdout] error[E0412]: cannot find type `LPARAM` in this scope
[INFO] [stdout]    --> winamp/winamp_sys/src/from_bindgen.rs:294:37
[INFO] [stdout]     |
[INFO] [stdout] 294 | pub const IPC_GET_PLAYING_FILENAME: LPARAM = 3031;
[INFO] [stdout]     |                                     ^^^^^^ not found in this scope
[INFO] [stdout] 
[INFO] [stdout] 
[INFO] [stdout] error[E0412]: cannot find type `LPARAM` in this scope
[INFO] [stdout]    --> winamp/winamp_sys/src/from_bindgen.rs:295:25
[INFO] [stdout]     |
[INFO] [stdout] 295 | pub const IPC_OPEN_URL: LPARAM = 3032;
[INFO] [stdout]     |                         ^^^^^^ not found in this scope
[INFO] [stdout] 
[INFO] [stdout] 
[INFO] [stdout] error[E0412]: cannot find type `LPARAM` in this scope
[INFO] [stdout]    --> winamp/winamp_sys/src/from_bindgen.rs:296:33
[INFO] [stdout]     |
[INFO] [stdout] 296 | pub const IPC_USE_UXTHEME_FUNC: LPARAM = 3033;
[INFO] [stdout]     |                                 ^^^^^^ not found in this scope
[INFO] [stdout] 
[INFO] [stdout] 
[INFO] [stdout] error[E0412]: cannot find type `LPARAM` in this scope
[INFO] [stdout]    --> winamp/winamp_sys/src/from_bindgen.rs:297:34
[INFO] [stdout]     |
[INFO] [stdout] 297 | pub const IPC_ISWINTHEMEPRESENT: LPARAM = 0;
[INFO] [stdout]     |                                  ^^^^^^ not found in this scope
[INFO] [stdout] 
[INFO] [stdout] 
[INFO] [stdout] error[E0412]: cannot find type `LPARAM` in this scope
[INFO] [stdout]    --> winamp/winamp_sys/src/from_bindgen.rs:298:40
[INFO] [stdout]     |
[INFO] [stdout] 298 | pub const IPC_ISAEROCOMPOSITIONACTIVE: LPARAM = 1;
[INFO] [stdout]     |                                        ^^^^^^ not found in this scope
[INFO] [stdout] 
[INFO] [stdout] 
[INFO] [stdout] error[E0412]: cannot find type `LPARAM` in this scope
[INFO] [stdout]    --> winamp/winamp_sys/src/from_bindgen.rs:299:34
[INFO] [stdout]     |
[INFO] [stdout] 299 | pub const IPC_GET_PLAYING_TITLE: LPARAM = 3034;
[INFO] [stdout]     |                                  ^^^^^^ not found in this scope
[INFO] [stdout] 
[INFO] [stdout] 
[INFO] [stdout] error[E0412]: cannot find type `LPARAM` in this scope
[INFO] [stdout]    --> winamp/winamp_sys/src/from_bindgen.rs:300:24
[INFO] [stdout]     |
[INFO] [stdout] 300 | pub const IPC_CANPLAY: LPARAM = 3035;
[INFO] [stdout]     |                        ^^^^^^ not found in this scope
[INFO] [stdout] 
[INFO] [stdout] 
[INFO] [stdout] error[E0412]: cannot find type `LPARAM` in this scope
[INFO] [stdout]    --> winamp/winamp_sys/src/from_bindgen.rs:301:31
[INFO] [stdout]     |
[INFO] [stdout] 301 | pub const IPC_FETCH_ALBUMART: LPARAM = 3036;
[INFO] [stdout]     |                               ^^^^^^ not found in this scope
[INFO] [stdout] 
[INFO] [stdout] 
[INFO] [stdout] error[E0412]: cannot find type `LPARAM` in this scope
[INFO] [stdout]    --> winamp/winamp_sys/src/from_bindgen.rs:302:43
[INFO] [stdout]     |
[INFO] [stdout] 302 | pub const IPC_JSAPI2_GET_DISPATCH_OBJECT: LPARAM = 3037;
[INFO] [stdout]     |                                           ^^^^^^ not found in this scope
[INFO] [stdout] 
[INFO] [stdout] 
[INFO] [stdout] error[E0412]: cannot find type `LPARAM` in this scope
[INFO] [stdout]    --> winamp/winamp_sys/src/from_bindgen.rs:303:27
[INFO] [stdout]     |
[INFO] [stdout] 303 | pub const IPC_HANDLE_URI: LPARAM = 3039;
[INFO] [stdout]     |                           ^^^^^^ not found in this scope
[INFO] [stdout] 
[INFO] [stdout] 
[INFO] [stdout] error[E0412]: cannot find type `LPARAM` in this scope
[INFO] [stdout]    --> winamp/winamp_sys/src/from_bindgen.rs:304:30
[INFO] [stdout]     |
[INFO] [stdout] 304 | pub const IPC_PLAYFILEW_NDE: LPARAM = 3040;
[INFO] [stdout]     |                              ^^^^^^ not found in this scope
[INFO] [stdout] 
[INFO] [stdout] 
[INFO] [stdout] error[E0412]: cannot find type `LPARAM` in this scope
[INFO] [stdout]    --> winamp/winamp_sys/src/from_bindgen.rs:305:36
[INFO] [stdout]     |
[INFO] [stdout] 305 | pub const IPC_PLAYFILEW_NDE_TITLE: LPARAM = 3041;
[INFO] [stdout]     |                                    ^^^^^^ not found in this scope
[INFO] [stdout] 
[INFO] [stdout] 
[INFO] [stdout] error[E0412]: cannot find type `LPARAM` in this scope
[INFO] [stdout]    --> winamp/winamp_sys/src/from_bindgen.rs:306:31
[INFO] [stdout]     |
[INFO] [stdout] 306 | pub const IPC_OUTPUT_STARTED: LPARAM = 3042;
[INFO] [stdout]     |                               ^^^^^^ not found in this scope
[INFO] [stdout] 
[INFO] [stdout] 
[INFO] [stdout] error[E0412]: cannot find type `LPARAM` in this scope
[INFO] [stdout]    --> winamp/winamp_sys/src/from_bindgen.rs:307:28
[INFO] [stdout]     |
[INFO] [stdout] 307 | pub const IPC_STOPPLAYING: LPARAM = 3043;
[INFO] [stdout]     |                            ^^^^^^ not found in this scope
[INFO] [stdout] 
[INFO] [stdout] 
[INFO] [stdout] error[E0412]: cannot find type `LPARAM` in this scope
[INFO] [stdout]    --> winamp/winamp_sys/src/from_bindgen.rs:308:26
[INFO] [stdout]     |
[INFO] [stdout] 308 | pub const IPC_GET_D3DX9: LPARAM = 3044;
[INFO] [stdout]     |                          ^^^^^^ not found in this scope
[INFO] [stdout] 
[INFO] [stdout] 
[INFO] [stdout] error[E0412]: cannot find type `LPARAM` in this scope
[INFO] [stdout]    --> winamp/winamp_sys/src/from_bindgen.rs:309:41
[INFO] [stdout]     |
[INFO] [stdout] 309 | pub const IPC_GET_FILEREGISTRAR_OBJECT: LPARAM = 3045;
[INFO] [stdout]     |                                         ^^^^^^ not found in this scope
[INFO] [stdout] 
[INFO] [stdout] 
[INFO] [stdout] error[E0412]: cannot find type `LPARAM` in this scope
[INFO] [stdout]    --> winamp/winamp_sys/src/from_bindgen.rs:310:35
[INFO] [stdout]     |
[INFO] [stdout] 310 | pub const IPC_SHELL_ACTION_START: LPARAM = 3047;
[INFO] [stdout]     |                                   ^^^^^^ not found in this scope
[INFO] [stdout] 
[INFO] [stdout] 
[INFO] [stdout] error[E0412]: cannot find type `LPARAM` in this scope
[INFO] [stdout]    --> winamp/winamp_sys/src/from_bindgen.rs:311:33
[INFO] [stdout]     |
[INFO] [stdout] 311 | pub const IPC_SHELL_ACTION_END: LPARAM = 3048;
[INFO] [stdout]     |                                 ^^^^^^ not found in this scope
[INFO] [stdout] 
[INFO] [stdout] 
[INFO] [stdout] error[E0412]: cannot find type `LPARAM` in this scope
[INFO] [stdout]    --> winamp/winamp_sys/src/from_bindgen.rs:312:43
[INFO] [stdout]     |
[INFO] [stdout] 312 | pub const IPC_REGISTER_WINAMP_IPCMESSAGE: LPARAM = 65536;
[INFO] [stdout]     |                                           ^^^^^^ not found in this scope
[INFO] [stdout] 
[INFO] [stdout] 
[INFO] [stdout] error[E0412]: cannot find type `LPARAM` in this scope
[INFO] [stdout]    --> winamp/winamp_sys/src/from_bindgen.rs:313:30
[INFO] [stdout]     |
[INFO] [stdout] 313 | pub const WINAMP_OPTIONS_EQ: LPARAM = 40036;
[INFO] [stdout]     |                              ^^^^^^ not found in this scope
[INFO] [stdout] 
[INFO] [stdout] 
[INFO] [stdout] error[E0412]: cannot find type `LPARAM` in this scope
[INFO] [stdout]    --> winamp/winamp_sys/src/from_bindgen.rs:314:34
[INFO] [stdout]     |
[INFO] [stdout] 314 | pub const WINAMP_OPTIONS_PLEDIT: LPARAM = 40040;
[INFO] [stdout]     |                                  ^^^^^^ not found in this scope
[INFO] [stdout] 
[INFO] [stdout] 
[INFO] [stdout] error[E0412]: cannot find type `LPARAM` in this scope
[INFO] [stdout]    --> winamp/winamp_sys/src/from_bindgen.rs:315:28
[INFO] [stdout]     |
[INFO] [stdout] 315 | pub const WINAMP_VOLUMEUP: LPARAM = 40058;
[INFO] [stdout]     |                            ^^^^^^ not found in this scope
[INFO] [stdout] 
[INFO] [stdout] 
[INFO] [stdout] error[E0412]: cannot find type `LPARAM` in this scope
[INFO] [stdout]    --> winamp/winamp_sys/src/from_bindgen.rs:316:30
[INFO] [stdout]     |
[INFO] [stdout] 316 | pub const WINAMP_VOLUMEDOWN: LPARAM = 40059;
[INFO] [stdout]     |                              ^^^^^^ not found in this scope
[INFO] [stdout] 
[INFO] [stdout] 
[INFO] [stdout] error[E0412]: cannot find type `LPARAM` in this scope
[INFO] [stdout]    --> winamp/winamp_sys/src/from_bindgen.rs:317:26
[INFO] [stdout]     |
[INFO] [stdout] 317 | pub const WINAMP_FFWD5S: LPARAM = 40060;
[INFO] [stdout]     |                          ^^^^^^ not found in this scope
[INFO] [stdout] 
[INFO] [stdout] 
[INFO] [stdout] error[E0412]: cannot find type `LPARAM` in this scope
[INFO] [stdout]    --> winamp/winamp_sys/src/from_bindgen.rs:318:25
[INFO] [stdout]     |
[INFO] [stdout] 318 | pub const WINAMP_REW5S: LPARAM = 40061;
[INFO] [stdout]     |                         ^^^^^^ not found in this scope
[INFO] [stdout] 
[INFO] [stdout] 
[INFO] [stdout] error[E0412]: cannot find type `LPARAM` in this scope
[INFO] [stdout]    --> winamp/winamp_sys/src/from_bindgen.rs:319:27
[INFO] [stdout]     |
[INFO] [stdout] 319 | pub const WINAMP_BUTTON1: LPARAM = 40044;
[INFO] [stdout]     |                           ^^^^^^ not found in this scope
[INFO] [stdout] 
[INFO] [stdout] 
[INFO] [stdout] error[E0412]: cannot find type `LPARAM` in this scope
[INFO] [stdout]    --> winamp/winamp_sys/src/from_bindgen.rs:320:27
[INFO] [stdout]     |
[INFO] [stdout] 320 | pub const WINAMP_BUTTON2: LPARAM = 40045;
[INFO] [stdout]     |                           ^^^^^^ not found in this scope
[INFO] [stdout] 
[INFO] [stdout] 
[INFO] [stdout] error[E0412]: cannot find type `LPARAM` in this scope
[INFO] [stdout]    --> winamp/winamp_sys/src/from_bindgen.rs:321:27
[INFO] [stdout]     |
[INFO] [stdout] 321 | pub const WINAMP_BUTTON3: LPARAM = 40046;
[INFO] [stdout]     |                           ^^^^^^ not found in this scope
[INFO] [stdout] 
[INFO] [stdout] 
[INFO] [stdout] error[E0412]: cannot find type `LPARAM` in this scope
[INFO] [stdout]    --> winamp/winamp_sys/src/from_bindgen.rs:322:27
[INFO] [stdout]     |
[INFO] [stdout] 322 | pub const WINAMP_BUTTON4: LPARAM = 40047;
[INFO] [stdout]     |                           ^^^^^^ not found in this scope
[INFO] [stdout] 
[INFO] [stdout] 
[INFO] [stdout] error[E0412]: cannot find type `LPARAM` in this scope
[INFO] [stdout]    --> winamp/winamp_sys/src/from_bindgen.rs:323:27
[INFO] [stdout]     |
[INFO] [stdout] 323 | pub const WINAMP_BUTTON5: LPARAM = 40048;
[INFO] [stdout]     |                           ^^^^^^ not found in this scope
[INFO] [stdout] 
[INFO] [stdout] 
[INFO] [stdout] error[E0412]: cannot find type `LPARAM` in this scope
[INFO] [stdout]    --> winamp/winamp_sys/src/from_bindgen.rs:324:33
[INFO] [stdout]     |
[INFO] [stdout] 324 | pub const WINAMP_BUTTON1_SHIFT: LPARAM = 40144;
[INFO] [stdout]     |                                 ^^^^^^ not found in this scope
[INFO] [stdout] 
[INFO] [stdout] 
[INFO] [stdout] error[E0412]: cannot find type `LPARAM` in this scope
[INFO] [stdout]    --> winamp/winamp_sys/src/from_bindgen.rs:325:33
[INFO] [stdout]     |
[INFO] [stdout] 325 | pub const WINAMP_BUTTON2_SHIFT: LPARAM = 40145;
[INFO] [stdout]     |                                 ^^^^^^ not found in this scope
[INFO] [stdout] 
[INFO] [stdout] 
[INFO] [stdout] error[E0412]: cannot find type `LPARAM` in this scope
[INFO] [stdout]    --> winamp/winamp_sys/src/from_bindgen.rs:326:33
[INFO] [stdout]     |
[INFO] [stdout] 326 | pub const WINAMP_BUTTON3_SHIFT: LPARAM = 40146;
[INFO] [stdout]     |                                 ^^^^^^ not found in this scope
[INFO] [stdout] 
[INFO] [stdout] 
[INFO] [stdout] error[E0412]: cannot find type `LPARAM` in this scope
[INFO] [stdout]    --> winamp/winamp_sys/src/from_bindgen.rs:327:33
[INFO] [stdout]     |
[INFO] [stdout] 327 | pub const WINAMP_BUTTON4_SHIFT: LPARAM = 40147;
[INFO] [stdout]     |                                 ^^^^^^ not found in this scope
[INFO] [stdout] 
[INFO] [stdout] 
[INFO] [stdout] error[E0412]: cannot find type `LPARAM` in this scope
[INFO] [stdout]    --> winamp/winamp_sys/src/from_bindgen.rs:328:33
[INFO] [stdout]     |
[INFO] [stdout] 328 | pub const WINAMP_BUTTON5_SHIFT: LPARAM = 40148;
[INFO] [stdout]     |                                 ^^^^^^ not found in this scope
[INFO] [stdout] 
[INFO] [stdout] 
[INFO] [stdout] error[E0412]: cannot find type `LPARAM` in this scope
[INFO] [stdout]    --> winamp/winamp_sys/src/from_bindgen.rs:329:32
[INFO] [stdout]     |
[INFO] [stdout] 329 | pub const WINAMP_BUTTON1_CTRL: LPARAM = 40154;
[INFO] [stdout]     |                                ^^^^^^ not found in this scope
[INFO] [stdout] 
[INFO] [stdout] 
[INFO] [stdout] error[E0412]: cannot find type `LPARAM` in this scope
[INFO] [stdout]    --> winamp/winamp_sys/src/from_bindgen.rs:330:32
[INFO] [stdout]     |
[INFO] [stdout] 330 | pub const WINAMP_BUTTON2_CTRL: LPARAM = 40155;
[INFO] [stdout]     |                                ^^^^^^ not found in this scope
[INFO] [stdout] 
[INFO] [stdout] 
[INFO] [stdout] error[E0412]: cannot find type `LPARAM` in this scope
[INFO] [stdout]    --> winamp/winamp_sys/src/from_bindgen.rs:331:32
[INFO] [stdout]     |
[INFO] [stdout] 331 | pub const WINAMP_BUTTON3_CTRL: LPARAM = 40156;
[INFO] [stdout]     |                                ^^^^^^ not found in this scope
[INFO] [stdout] 
[INFO] [stdout] 
[INFO] [stdout] error[E0412]: cannot find type `LPARAM` in this scope
[INFO] [stdout]    --> winamp/winamp_sys/src/from_bindgen.rs:332:32
[INFO] [stdout]     |
[INFO] [stdout] 332 | pub const WINAMP_BUTTON4_CTRL: LPARAM = 40157;
[INFO] [stdout]     |                                ^^^^^^ not found in this scope
[INFO] [stdout] 
[INFO] [stdout] 
[INFO] [stdout] error[E0412]: cannot find type `LPARAM` in this scope
[INFO] [stdout]    --> winamp/winamp_sys/src/from_bindgen.rs:333:32
[INFO] [stdout]     |
[INFO] [stdout] 333 | pub const WINAMP_BUTTON5_CTRL: LPARAM = 40158;
[INFO] [stdout]     |                                ^^^^^^ not found in this scope
[INFO] [stdout] 
[INFO] [stdout] 
[INFO] [stdout] error[E0412]: cannot find type `LPARAM` in this scope
[INFO] [stdout]    --> winamp/winamp_sys/src/from_bindgen.rs:334:29
[INFO] [stdout]     |
[INFO] [stdout] 334 | pub const WINAMP_FILE_PLAY: LPARAM = 40029;
[INFO] [stdout]     |                             ^^^^^^ not found in this scope
[INFO] [stdout] 
[INFO] [stdout] 
[INFO] [stdout] error[E0412]: cannot find type `LPARAM` in this scope
[INFO] [stdout]    --> winamp/winamp_sys/src/from_bindgen.rs:335:28
[INFO] [stdout]     |
[INFO] [stdout] 335 | pub const WINAMP_FILE_DIR: LPARAM = 40187;
[INFO] [stdout]     |                            ^^^^^^ not found in this scope
[INFO] [stdout] 
[INFO] [stdout] 
[INFO] [stdout] error[E0412]: cannot find type `LPARAM` in this scope
[INFO] [stdout]    --> winamp/winamp_sys/src/from_bindgen.rs:336:33
[INFO] [stdout]     |
[INFO] [stdout] 336 | pub const WINAMP_OPTIONS_PREFS: LPARAM = 40012;
[INFO] [stdout]     |                                 ^^^^^^ not found in this scope
[INFO] [stdout] 
[INFO] [stdout] 
[INFO] [stdout] error[E0412]: cannot find type `LPARAM` in this scope
[INFO] [stdout]    --> winamp/winamp_sys/src/from_bindgen.rs:337:31
[INFO] [stdout]     |
[INFO] [stdout] 337 | pub const WINAMP_OPTIONS_AOT: LPARAM = 40019;
[INFO] [stdout]     |                               ^^^^^^ not found in this scope
[INFO] [stdout] 
[INFO] [stdout] 
[INFO] [stdout] error[E0412]: cannot find type `LPARAM` in this scope
[INFO] [stdout]    --> winamp/winamp_sys/src/from_bindgen.rs:338:30
[INFO] [stdout]     |
[INFO] [stdout] 338 | pub const WINAMP_HELP_ABOUT: LPARAM = 40041;
[INFO] [stdout]     |                              ^^^^^^ not found in this scope
[INFO] [stdout] 
[INFO] [stdout] 
[INFO] [stdout] error[E0412]: cannot find type `LPARAM` in this scope
[INFO] [stdout]    --> winamp/winamp_sys/src/from_bindgen.rs:339:34
[INFO] [stdout]     |
[INFO] [stdout] 339 | pub const ID_MAIN_PLAY_AUDIOCD1: LPARAM = 40323;
[INFO] [stdout]     |                                  ^^^^^^ not found in this scope
[INFO] [stdout] 
[INFO] [stdout] 
[INFO] [stdout] error[E0412]: cannot find type `LPARAM` in this scope
[INFO] [stdout]    --> winamp/winamp_sys/src/from_bindgen.rs:340:34
[INFO] [stdout]     |
[INFO] [stdout] 340 | pub const ID_MAIN_PLAY_AUDIOCD2: LPARAM = 40324;
[INFO] [stdout]     |                                  ^^^^^^ not found in this scope
[INFO] [stdout] 
[INFO] [stdout] 
[INFO] [stdout] error[E0412]: cannot find type `LPARAM` in this scope
[INFO] [stdout]    --> winamp/winamp_sys/src/from_bindgen.rs:341:34
[INFO] [stdout]     |
[INFO] [stdout] 341 | pub const ID_MAIN_PLAY_AUDIOCD3: LPARAM = 40325;
[INFO] [stdout]     |                                  ^^^^^^ not found in this scope
[INFO] [stdout] 
[INFO] [stdout] 
[INFO] [stdout] error[E0412]: cannot find type `LPARAM` in this scope
[INFO] [stdout]    --> winamp/winamp_sys/src/from_bindgen.rs:342:34
[INFO] [stdout]     |
[INFO] [stdout] 342 | pub const ID_MAIN_PLAY_AUDIOCD4: LPARAM = 40326;
[INFO] [stdout]     |                                  ^^^^^^ not found in this scope
[INFO] [stdout] 
[INFO] [stdout] 
[INFO] [stdout] error[E0412]: cannot find type `LPARAM` in this scope
[INFO] [stdout]    --> winamp/winamp_sys/src/from_bindgen.rs:343:37
[INFO] [stdout]     |
[INFO] [stdout] 343 | pub const ID_MAIN_PLAY_AUDIOCD_SEP: LPARAM = 40327;
[INFO] [stdout]     |                                     ^^^^^^ not found in this scope
[INFO] [stdout] 
[INFO] [stdout] 
[INFO] [stdout] error[E0412]: cannot find type `HWND` in this scope
[INFO] [stdout]    --> winamp/winamp_sys/src/from_bindgen.rs:401:17
[INFO] [stdout]     |
[INFO] [stdout] 401 |     pub parent: HWND,
[INFO] [stdout]     |                 ^^^^ not found in this scope
[INFO] [stdout] 
[INFO] [stdout] 
[INFO] [stdout] error[E0412]: cannot find type `HWND` in this scope
[INFO] [stdout]    --> winamp/winamp_sys/src/from_bindgen.rs:407:17
[INFO] [stdout]     |
[INFO] [stdout] 407 |     pub parent: HWND,
[INFO] [stdout]     |                 ^^^^ not found in this scope
[INFO] [stdout] 
[INFO] [stdout] 
[INFO] [stdout] error[E0412]: cannot find type `HINSTANCE` in this scope
[INFO] [stdout]    --> winamp/winamp_sys/src/from_bindgen.rs:488:16
[INFO] [stdout]     |
[INFO] [stdout] 488 |     pub hInst: HINSTANCE,
[INFO] [stdout]     |                ^^^^^^^^^ not found in this scope
[INFO] [stdout] 
[INFO] [stdout] 
[INFO] [stdout] error[E0412]: cannot find type `HINSTANCE` in this scope
[INFO] [stdout]    --> winamp/winamp_sys/src/from_bindgen.rs:500:16
[INFO] [stdout]     |
[INFO] [stdout] 500 |     pub hInst: HINSTANCE,
[INFO] [stdout]     |                ^^^^^^^^^ not found in this scope
[INFO] [stdout] 
[INFO] [stdout] 
[INFO] [stdout] error[E0412]: cannot find type `LPARAM` in this scope
[INFO] [stdout]    --> winamp/winamp_sys/src/from_bindgen.rs:513:15
[INFO] [stdout]     |
[INFO] [stdout] 509 | pub type FFCALLBACK = ::std::option::Option<
[INFO] [stdout]     |                    - help: you might be missing a type parameter: `<LPARAM>`
[INFO] [stdout] ...
[INFO] [stdout] 513 |         arg3: LPARAM,
[INFO] [stdout]     |               ^^^^^^ not found in this scope
[INFO] [stdout] 
[INFO] [stdout] 
[INFO] [stdout] error[E0412]: cannot find type `HWND` in this scope
[INFO] [stdout]    --> winamp/winamp_sys/src/from_bindgen.rs:519:13
[INFO] [stdout]     |
[INFO] [stdout] 519 |     pub me: HWND,
[INFO] [stdout]     |             ^^^^ not found in this scope
[INFO] [stdout] 
[INFO] [stdout] 
[INFO] [stdout] error[E0412]: cannot find type `RECT` in this scope
[INFO] [stdout]    --> winamp/winamp_sys/src/from_bindgen.rs:521:12
[INFO] [stdout]     |
[INFO] [stdout] 521 |     pub r: RECT,
[INFO] [stdout]     |            ^^^^ not found in this scope
[INFO] [stdout] 
[INFO] [stdout] 
[INFO] [stdout] error[E0412]: cannot find type `GUID` in this scope
[INFO] [stdout]    --> winamp/winamp_sys/src/from_bindgen.rs:538:15
[INFO] [stdout]     |
[INFO] [stdout] 538 |     pub guid: GUID,
[INFO] [stdout]     |               ^^^^ not found in this scope
[INFO] [stdout] 
[INFO] [stdout] 
[INFO] [stdout] error[E0412]: cannot find type `NMHDR` in this scope
[INFO] [stdout]    --> winamp/winamp_sys/src/from_bindgen.rs:564:14
[INFO] [stdout]     |
[INFO] [stdout] 564 |     pub hdr: NMHDR,
[INFO] [stdout]     |              ^^^^^ not found in this scope
[INFO] [stdout] 
[INFO] [stdout] 
[INFO] [stdout] error[E0412]: cannot find type `HWND` in this scope
[INFO] [stdout]    --> winamp/winamp_sys/src/from_bindgen.rs:573:21
[INFO] [stdout]     |
[INFO] [stdout] 573 |     pub hwndToSkin: HWND,
[INFO] [stdout]     |                     ^^^^ not found in this scope
[INFO] [stdout] 
[INFO] [stdout] 
[INFO] [stdout] error[E0412]: cannot find type `GUID` in this scope
[INFO] [stdout]    --> winamp/winamp_sys/src/from_bindgen.rs:574:21
[INFO] [stdout]     |
[INFO] [stdout] 574 |     pub windowGuid: GUID,
[INFO] [stdout]     |                     ^^^^ not found in this scope
[INFO] [stdout] 
[INFO] [stdout] 
[INFO] [stdout] error[E0412]: cannot find type `HWND` in this scope
[INFO] [stdout]    --> winamp/winamp_sys/src/from_bindgen.rs:598:23
[INFO] [stdout]     |
[INFO] [stdout] 598 |     pub callbackhwnd: HWND,
[INFO] [stdout]     |                       ^^^^ not found in this scope
[INFO] [stdout] 
[INFO] [stdout] 
[INFO] [stdout] error[E0412]: cannot find type `HANDLE` in this scope
[INFO] [stdout]    --> winamp/winamp_sys/src/from_bindgen.rs:605:25
[INFO] [stdout]     |
[INFO] [stdout] 605 |     pub convert_thread: HANDLE,
[INFO] [stdout]     |                         ^^^^^^ not found in this scope
[INFO] [stdout] 
[INFO] [stdout] 
[INFO] [stdout] error[E0412]: cannot find type `HANDLE` in this scope
[INFO] [stdout]    --> winamp/winamp_sys/src/from_bindgen.rs:606:22
[INFO] [stdout]     |
[INFO] [stdout] 606 |     pub file_handle: HANDLE,
[INFO] [stdout]     |                      ^^^^^^ not found in this scope
[INFO] [stdout] 
[INFO] [stdout] 
[INFO] [stdout] error[E0412]: cannot find type `HMODULE` in this scope
[INFO] [stdout]    --> winamp/winamp_sys/src/from_bindgen.rs:608:22
[INFO] [stdout]     |
[INFO] [stdout] 608 |     pub encoder_mod: HMODULE,
[INFO] [stdout]     |                      ^^^^^^^ not found in this scope
[INFO] [stdout] 
[INFO] [stdout] 
[INFO] [stdout] error[E0412]: cannot find type `HWND` in this scope
[INFO] [stdout]    --> winamp/winamp_sys/src/from_bindgen.rs:625:23
[INFO] [stdout]     |
[INFO] [stdout] 625 |     pub callbackhwnd: HWND,
[INFO] [stdout]     |                       ^^^^ not found in this scope
[INFO] [stdout] 
[INFO] [stdout] 
[INFO] [stdout] error[E0412]: cannot find type `HANDLE` in this scope
[INFO] [stdout]    --> winamp/winamp_sys/src/from_bindgen.rs:632:25
[INFO] [stdout]     |
[INFO] [stdout] 632 |     pub convert_thread: HANDLE,
[INFO] [stdout]     |                         ^^^^^^ not found in this scope
[INFO] [stdout] 
[INFO] [stdout] 
[INFO] [stdout] error[E0412]: cannot find type `HANDLE` in this scope
[INFO] [stdout]    --> winamp/winamp_sys/src/from_bindgen.rs:633:22
[INFO] [stdout]     |
[INFO] [stdout] 633 |     pub file_handle: HANDLE,
[INFO] [stdout]     |                      ^^^^^^ not found in this scope
[INFO] [stdout] 
[INFO] [stdout] 
[INFO] [stdout] error[E0412]: cannot find type `HMODULE` in this scope
[INFO] [stdout]    --> winamp/winamp_sys/src/from_bindgen.rs:635:22
[INFO] [stdout]     |
[INFO] [stdout] 635 |     pub encoder_mod: HMODULE,
[INFO] [stdout]     |                      ^^^^^^^ not found in this scope
[INFO] [stdout] 
[INFO] [stdout] 
[INFO] [stdout] error[E0412]: cannot find type `HWND` in this scope
[INFO] [stdout]    --> winamp/winamp_sys/src/from_bindgen.rs:649:21
[INFO] [stdout]     |
[INFO] [stdout] 649 |     pub hwndParent: HWND,
[INFO] [stdout]     |                     ^^^^ not found in this scope
[INFO] [stdout] 
[INFO] [stdout] 
[INFO] [stdout] error[E0412]: cannot find type `HWND` in this scope
[INFO] [stdout]    --> winamp/winamp_sys/src/from_bindgen.rs:651:21
[INFO] [stdout]     |
[INFO] [stdout] 651 |     pub hwndConfig: HWND,
[INFO] [stdout]     |                     ^^^^ not found in this scope
[INFO] [stdout] 
[INFO] [stdout] 
[INFO] [stdout] error[E0412]: cannot find type `HWND` in this scope
[INFO] [stdout]    --> winamp/winamp_sys/src/from_bindgen.rs:671:24
[INFO] [stdout]     |
[INFO] [stdout] 671 |     pub callback_hwnd: HWND,
[INFO] [stdout]     |                        ^^^^ not found in this scope
[INFO] [stdout] 
[INFO] [stdout] 
[INFO] [stdout] error[E0412]: cannot find type `HBITMAP` in this scope
[INFO] [stdout]    --> winamp/winamp_sys/src/from_bindgen.rs:716:13
[INFO] [stdout]     |
[INFO] [stdout] 716 |     pub bm: HBITMAP,
[INFO] [stdout]     |             ^^^^^^^ not found in this scope
[INFO] [stdout] 
[INFO] [stdout] 
[INFO] [stdout] error[E0412]: cannot find type `HWND` in this scope
[INFO] [stdout]    --> winamp/winamp_sys/src/from_bindgen.rs:721:14
[INFO] [stdout]     |
[INFO] [stdout] 721 |     pub wnd: HWND,
[INFO] [stdout]     |              ^^^^ not found in this scope
[INFO] [stdout] 
[INFO] [stdout] 
[INFO] [stdout] error[E0412]: cannot find type `HWND` in this scope
[INFO] [stdout]    --> winamp/winamp_sys/src/from_bindgen.rs:728:14
[INFO] [stdout]     |
[INFO] [stdout] 728 |     pub wnd: HWND,
[INFO] [stdout]     |              ^^^^ not found in this scope
[INFO] [stdout] 
[INFO] [stdout] 
[INFO] [stdout] error[E0412]: cannot find type `HWND` in this scope
[INFO] [stdout]    --> winamp/winamp_sys/src/from_bindgen.rs:746:15
[INFO] [stdout]     |
[INFO] [stdout] 746 |     pub hwnd: HWND,
[INFO] [stdout]     |               ^^^^ not found in this scope
[INFO] [stdout] 
[INFO] [stdout] 
[INFO] [stdout] error[E0412]: cannot find type `WPARAM` in this scope
[INFO] [stdout]    --> winamp/winamp_sys/src/from_bindgen.rs:748:17
[INFO] [stdout]     |
[INFO] [stdout] 748 |     pub wParam: WPARAM,
[INFO] [stdout]     |                 ^^^^^^ not found in this scope
[INFO] [stdout] 
[INFO] [stdout] 
[INFO] [stdout] error[E0412]: cannot find type `LPARAM` in this scope
[INFO] [stdout]    --> winamp/winamp_sys/src/from_bindgen.rs:749:17
[INFO] [stdout]     |
[INFO] [stdout] 749 |     pub lParam: LPARAM,
[INFO] [stdout]     |                 ^^^^^^ not found in this scope
[INFO] [stdout] 
[INFO] [stdout] 
[INFO] [stdout] error[E0412]: cannot find type `HWND` in this scope
[INFO] [stdout]    --> winamp/winamp_sys/src/from_bindgen.rs:778:17
[INFO] [stdout]     |
[INFO] [stdout] 778 |     pub parent: HWND,
[INFO] [stdout]     |                 ^^^^ not found in this scope
[INFO] [stdout] 
[INFO] [stdout] 
[INFO] [stdout] error: aborting due to 375 previous errors
[INFO] [stdout] 
[INFO] [stdout] 
[INFO] [stdout] Some errors have detailed explanations: E0412, E0433.
[INFO] [stdout] 
[INFO] [stdout] For more information about an error, try `rustc --explain E0412`.
[INFO] [stdout] 
[INFO] [stdout] error[E0308]: mismatched types
[INFO] [stdout]   --> /opt/rustwide/cargo-home/registry/src/github.com-1ecc6299db9ec823/lexical-core-0.6.7/src/atof/algorithm/bhcomp.rs:62:24
[INFO] [stdout]    |
[INFO] [stdout] 62 |     let bytes = bits / Limb::BITS;
[INFO] [stdout]    |                        ^^^^^^^^^^ expected `usize`, found `u32`
[INFO] [stdout] 
[INFO] [stdout] 
[INFO] [stdout] error[E0277]: cannot divide `usize` by `u32`
[INFO] [stdout]   --> /opt/rustwide/cargo-home/registry/src/github.com-1ecc6299db9ec823/lexical-core-0.6.7/src/atof/algorithm/bhcomp.rs:62:22
[INFO] [stdout]    |
[INFO] [stdout] 62 |     let bytes = bits / Limb::BITS;
[INFO] [stdout]    |                      ^ no implementation for `usize / u32`
[INFO] [stdout]    |
[INFO] [stdout]    = help: the trait `Div<u32>` is not implemented for `usize`
[INFO] [stdout] 
[INFO] [stdout] 
[INFO] [stdout] error[E0308]: mismatched types
[INFO] [stdout]    --> /opt/rustwide/cargo-home/registry/src/github.com-1ecc6299db9ec823/lexical-core-0.6.7/src/atof/algorithm/bigcomp.rs:157:55
[INFO] [stdout]     |
[INFO] [stdout] 157 |     let nlz = den.leading_zeros().wrapping_sub(wlz) & (u32::BITS - 1);
[INFO] [stdout]     |                                                       ^^^^^^^^^^^^^^^ expected `usize`, found `u32`
[INFO] [stdout] 
[INFO] [stdout] 
[INFO] [stdout] error[E0277]: no implementation for `usize & u32`
[INFO] [stdout]    --> /opt/rustwide/cargo-home/registry/src/github.com-1ecc6299db9ec823/lexical-core-0.6.7/src/atof/algorithm/bigcomp.rs:157:53
[INFO] [stdout]     |
[INFO] [stdout] 157 |     let nlz = den.leading_zeros().wrapping_sub(wlz) & (u32::BITS - 1);
[INFO] [stdout]     |                                                     ^ no implementation for `usize & u32`
[INFO] [stdout]     |
[INFO] [stdout]     = help: the trait `BitAnd<u32>` is not implemented for `usize`
[INFO] [stdout] 
[INFO] [stdout] 
[INFO] [stdout] error[E0308]: mismatched types
[INFO] [stdout]    --> /opt/rustwide/cargo-home/registry/src/github.com-1ecc6299db9ec823/lexical-core-0.6.7/src/atof/algorithm/bigcomp.rs:175:40
[INFO] [stdout]     |
[INFO] [stdout] 175 |         let (q, r) = shift.ceil_divmod(Limb::BITS);
[INFO] [stdout]     |                                        ^^^^^^^^^^ expected `usize`, found `u32`
[INFO] [stdout]     |
[INFO] [stdout] help: you can convert a `u32` to a `usize` and panic if the converted value doesn't fit
[INFO] [stdout]     |
[INFO] [stdout] 175 |         let (q, r) = shift.ceil_divmod(Limb::BITS.try_into().unwrap());
[INFO] [stdout]     |                                        ^^^^^^^^^^^^^^^^^^^^^^^^^^^^^^
[INFO] [stdout] 
[INFO] [stdout] 
[INFO] [stdout] error[E0308]: mismatched types
[INFO] [stdout]     --> /opt/rustwide/cargo-home/registry/src/github.com-1ecc6299db9ec823/lexical-core-0.6.7/src/atof/algorithm/math.rs:1049:42
[INFO] [stdout]      |
[INFO] [stdout] 1049 |     let mut count = index.saturating_mul(Limb::BITS);
[INFO] [stdout]      |                                          ^^^^^^^^^^ expected `usize`, found `u32`
[INFO] [stdout]      |
[INFO] [stdout] help: you can convert a `u32` to a `usize` and panic if the converted value doesn't fit
[INFO] [stdout]      |
[INFO] [stdout] 1049 |     let mut count = index.saturating_mul(Limb::BITS.try_into().unwrap());
[INFO] [stdout]      |                                          ^^^^^^^^^^^^^^^^^^^^^^^^^^^^^^
[INFO] [stdout] 
[INFO] [stdout] 
[INFO] [stdout] error[E0308]: mismatched types
[INFO] [stdout]     --> /opt/rustwide/cargo-home/registry/src/github.com-1ecc6299db9ec823/lexical-core-0.6.7/src/atof/algorithm/math.rs:1064:28
[INFO] [stdout]      |
[INFO] [stdout] 1064 |     Limb::BITS.checked_mul(x.len())
[INFO] [stdout]      |                            ^^^^^^^ expected `u32`, found `usize`
[INFO] [stdout]      |
[INFO] [stdout] help: you can convert a `usize` to a `u32` and panic if the converted value doesn't fit
[INFO] [stdout]      |
[INFO] [stdout] 1064 |     Limb::BITS.checked_mul(x.len().try_into().unwrap())
[INFO] [stdout]      |                            ^^^^^^^^^^^^^^^^^^^^^^^^^^^
[INFO] [stdout] 
[INFO] [stdout] 
[INFO] [stdout] error[E0308]: mismatched types
[INFO] [stdout]     --> /opt/rustwide/cargo-home/registry/src/github.com-1ecc6299db9ec823/lexical-core-0.6.7/src/atof/algorithm/math.rs:1065:22
[INFO] [stdout]      |
[INFO] [stdout] 1065 |         .map(|v| v - nlz)
[INFO] [stdout]      |                      ^^^ expected `u32`, found `usize`
[INFO] [stdout] 
[INFO] [stdout] 
[INFO] [stdout] error[E0277]: cannot subtract `usize` from `u32`
[INFO] [stdout]     --> /opt/rustwide/cargo-home/registry/src/github.com-1ecc6299db9ec823/lexical-core-0.6.7/src/atof/algorithm/math.rs:1065:20
[INFO] [stdout]      |
[INFO] [stdout] 1065 |         .map(|v| v - nlz)
[INFO] [stdout]      |                    ^ no implementation for `u32 - usize`
[INFO] [stdout]      |
[INFO] [stdout]      = help: the trait `Sub<usize>` is not implemented for `u32`
[INFO] [stdout] 
[INFO] [stdout] 
[INFO] [stdout] error[E0308]: mismatched types
[INFO] [stdout]     --> /opt/rustwide/cargo-home/registry/src/github.com-1ecc6299db9ec823/lexical-core-0.6.7/src/atof/algorithm/math.rs:1066:20
[INFO] [stdout]      |
[INFO] [stdout] 1066 |         .unwrap_or(usize::max_value())
[INFO] [stdout]      |                    ^^^^^^^^^^^^^^^^^^ expected `u32`, found `usize`
[INFO] [stdout]      |
[INFO] [stdout] help: you can convert a `usize` to a `u32` and panic if the converted value doesn't fit
[INFO] [stdout]      |
[INFO] [stdout] 1066 |         .unwrap_or(usize::max_value().try_into().unwrap())
[INFO] [stdout]      |                    ^^^^^^^^^^^^^^^^^^^^^^^^^^^^^^^^^^^^^^
[INFO] [stdout] 
[INFO] [stdout] 
[INFO] [stdout] error[E0308]: mismatched types
[INFO] [stdout]     --> /opt/rustwide/cargo-home/registry/src/github.com-1ecc6299db9ec823/lexical-core-0.6.7/src/atof/algorithm/math.rs:1064:5
[INFO] [stdout]      |
[INFO] [stdout] 1060 |   pub fn bit_length(x: &[Limb]) -> usize {
[INFO] [stdout]      |                                    ----- expected `usize` because of return type
[INFO] [stdout] ...
[INFO] [stdout] 1064 | /     Limb::BITS.checked_mul(x.len())
[INFO] [stdout] 1065 | |         .map(|v| v - nlz)
[INFO] [stdout] 1066 | |         .unwrap_or(usize::max_value())
[INFO] [stdout]      | |______________________________________^ expected `usize`, found `u32`
[INFO] [stdout]      |
[INFO] [stdout] help: you can convert a `u32` to a `usize` and panic if the converted value doesn't fit
[INFO] [stdout]      |
[INFO] [stdout] 1064 |     Limb::BITS.checked_mul(x.len())
[INFO] [stdout] 1065 |         .map(|v| v - nlz)
[INFO] [stdout] 1066 |         .unwrap_or(usize::max_value()).try_into().unwrap()
[INFO] [stdout]      |
[INFO] [stdout] 
[INFO] [stdout] 
[INFO] [stdout] error[E0308]: mismatched types
[INFO] [stdout]     --> /opt/rustwide/cargo-home/registry/src/github.com-1ecc6299db9ec823/lexical-core-0.6.7/src/atof/algorithm/math.rs:1091:23
[INFO] [stdout]      |
[INFO] [stdout] 1091 |     debug_assert!(n < bits && n != 0);
[INFO] [stdout]      |                       ^^^^ expected `usize`, found `u32`
[INFO] [stdout]      |
[INFO] [stdout] help: you can convert a `u32` to a `usize` and panic if the converted value doesn't fit
[INFO] [stdout]      |
[INFO] [stdout] 1091 |     debug_assert!(n < bits.try_into().unwrap() && n != 0);
[INFO] [stdout]      |                       ^^^^^^^^^^^^^^^^^^^^^^^^
[INFO] [stdout] 
[INFO] [stdout] 
[INFO] [stdout] error[E0308]: mismatched types
[INFO] [stdout]     --> /opt/rustwide/cargo-home/registry/src/github.com-1ecc6299db9ec823/lexical-core-0.6.7/src/atof/algorithm/math.rs:1098:25
[INFO] [stdout]      |
[INFO] [stdout] 1098 |     let lshift = bits - n;
[INFO] [stdout]      |                         ^ expected `u32`, found `usize`
[INFO] [stdout] 
[INFO] [stdout] 
[INFO] [stdout] error[E0277]: cannot subtract `usize` from `u32`
[INFO] [stdout]     --> /opt/rustwide/cargo-home/registry/src/github.com-1ecc6299db9ec823/lexical-core-0.6.7/src/atof/algorithm/math.rs:1098:23
[INFO] [stdout]      |
[INFO] [stdout] 1098 |     let lshift = bits - n;
[INFO] [stdout]      |                       ^ no implementation for `u32 - usize`
[INFO] [stdout]      |
[INFO] [stdout]      = help: the trait `Sub<usize>` is not implemented for `u32`
[INFO] [stdout] 
[INFO] [stdout] 
[INFO] [stdout] error[E0308]: mismatched types
[INFO] [stdout]     --> /opt/rustwide/cargo-home/registry/src/github.com-1ecc6299db9ec823/lexical-core-0.6.7/src/atof/algorithm/math.rs:1140:19
[INFO] [stdout]      |
[INFO] [stdout] 1140 |     let rem = n % bits;
[INFO] [stdout]      |                   ^^^^ expected `usize`, found `u32`
[INFO] [stdout] 
[INFO] [stdout] 
[INFO] [stdout] error[E0277]: cannot mod `usize` by `u32`
[INFO] [stdout]     --> /opt/rustwide/cargo-home/registry/src/github.com-1ecc6299db9ec823/lexical-core-0.6.7/src/atof/algorithm/math.rs:1140:17
[INFO] [stdout]      |
[INFO] [stdout] 1140 |     let rem = n % bits;
[INFO] [stdout]      |                 ^ no implementation for `usize % u32`
[INFO] [stdout]      |
[INFO] [stdout]      = help: the trait `Rem<u32>` is not implemented for `usize`
[INFO] [stdout] 
[INFO] [stdout] 
[INFO] [stdout] error[E0308]: mismatched types
[INFO] [stdout]     --> /opt/rustwide/cargo-home/registry/src/github.com-1ecc6299db9ec823/lexical-core-0.6.7/src/atof/algorithm/math.rs:1141:19
[INFO] [stdout]      |
[INFO] [stdout] 1141 |     let div = n / bits;
[INFO] [stdout]      |                   ^^^^ expected `usize`, found `u32`
[INFO] [stdout] 
[INFO] [stdout] 
[INFO] [stdout] error[E0277]: cannot divide `usize` by `u32`
[INFO] [stdout]     --> /opt/rustwide/cargo-home/registry/src/github.com-1ecc6299db9ec823/lexical-core-0.6.7/src/atof/algorithm/math.rs:1141:17
[INFO] [stdout]      |
[INFO] [stdout] 1141 |     let div = n / bits;
[INFO] [stdout]      |                 ^ no implementation for `usize / u32`
[INFO] [stdout]      |
[INFO] [stdout]      = help: the trait `Div<u32>` is not implemented for `usize`
[INFO] [stdout] 
[INFO] [stdout] 
[INFO] [stdout] error[E0308]: mismatched types
[INFO] [stdout]     --> /opt/rustwide/cargo-home/registry/src/github.com-1ecc6299db9ec823/lexical-core-0.6.7/src/atof/algorithm/math.rs:1197:23
[INFO] [stdout]      |
[INFO] [stdout] 1197 |     debug_assert!(n < bits);
[INFO] [stdout]      |                       ^^^^ expected `usize`, found `u32`
[INFO] [stdout]      |
[INFO] [stdout] help: you can convert a `u32` to a `usize` and panic if the converted value doesn't fit
[INFO] [stdout]      |
[INFO] [stdout] 1197 |     debug_assert!(n < bits.try_into().unwrap());
[INFO] [stdout]      |                       ^^^^^^^^^^^^^^^^^^^^^^^^
[INFO] [stdout] 
[INFO] [stdout] 
[INFO] [stdout] error[E0308]: mismatched types
[INFO] [stdout]     --> /opt/rustwide/cargo-home/registry/src/github.com-1ecc6299db9ec823/lexical-core-0.6.7/src/atof/algorithm/math.rs:1207:25
[INFO] [stdout]      |
[INFO] [stdout] 1207 |     let rshift = bits - n;
[INFO] [stdout]      |                         ^ expected `u32`, found `usize`
[INFO] [stdout] 
[INFO] [stdout] 
[INFO] [stdout] error[E0277]: cannot subtract `usize` from `u32`
[INFO] [stdout]     --> /opt/rustwide/cargo-home/registry/src/github.com-1ecc6299db9ec823/lexical-core-0.6.7/src/atof/algorithm/math.rs:1207:23
[INFO] [stdout]      |
[INFO] [stdout] 1207 |     let rshift = bits - n;
[INFO] [stdout]      |                       ^ no implementation for `u32 - usize`
[INFO] [stdout]      |
[INFO] [stdout]      = help: the trait `Sub<usize>` is not implemented for `u32`
[INFO] [stdout] 
[INFO] [stdout] 
[INFO] [stdout] error[E0308]: mismatched types
[INFO] [stdout]     --> /opt/rustwide/cargo-home/registry/src/github.com-1ecc6299db9ec823/lexical-core-0.6.7/src/atof/algorithm/math.rs:1259:19
[INFO] [stdout]      |
[INFO] [stdout] 1259 |     let rem = n % bits;
[INFO] [stdout]      |                   ^^^^ expected `usize`, found `u32`
[INFO] [stdout] 
[INFO] [stdout] 
[INFO] [stdout] error[E0277]: cannot mod `usize` by `u32`
[INFO] [stdout]     --> /opt/rustwide/cargo-home/registry/src/github.com-1ecc6299db9ec823/lexical-core-0.6.7/src/atof/algorithm/math.rs:1259:17
[INFO] [stdout]      |
[INFO] [stdout] 1259 |     let rem = n % bits;
[INFO] [stdout]      |                 ^ no implementation for `usize % u32`
[INFO] [stdout]      |
[INFO] [stdout]      = help: the trait `Rem<u32>` is not implemented for `usize`
[INFO] [stdout] 
[INFO] [stdout] 
[INFO] [stdout] error[E0308]: mismatched types
[INFO] [stdout]     --> /opt/rustwide/cargo-home/registry/src/github.com-1ecc6299db9ec823/lexical-core-0.6.7/src/atof/algorithm/math.rs:1260:19
[INFO] [stdout]      |
[INFO] [stdout] 1260 |     let div = n / bits;
[INFO] [stdout]      |                   ^^^^ expected `usize`, found `u32`
[INFO] [stdout] 
[INFO] [stdout] 
[INFO] [stdout] error[E0277]: cannot divide `usize` by `u32`
[INFO] [stdout]     --> /opt/rustwide/cargo-home/registry/src/github.com-1ecc6299db9ec823/lexical-core-0.6.7/src/atof/algorithm/math.rs:1260:17
[INFO] [stdout]      |
[INFO] [stdout] 1260 |     let div = n / bits;
[INFO] [stdout]      |                 ^ no implementation for `usize / u32`
[INFO] [stdout]      |
[INFO] [stdout]      = help: the trait `Div<u32>` is not implemented for `usize`
[INFO] [stdout] 
[INFO] [stdout] 
[INFO] [stdout] error[E0308]: mismatched types
[INFO] [stdout]     --> /opt/rustwide/cargo-home/registry/src/github.com-1ecc6299db9ec823/lexical-core-0.6.7/src/atof/algorithm/math.rs:2071:27
[INFO] [stdout]      |
[INFO] [stdout] 2071 |     let rs = Limb::BITS - s;
[INFO] [stdout]      |                           ^ expected `u32`, found `usize`
[INFO] [stdout] 
[INFO] [stdout] 
[INFO] [stdout] error[E0277]: cannot subtract `usize` from `u32`
[INFO] [stdout]     --> /opt/rustwide/cargo-home/registry/src/github.com-1ecc6299db9ec823/lexical-core-0.6.7/src/atof/algorithm/math.rs:2071:25
[INFO] [stdout]      |
[INFO] [stdout] 2071 |     let rs = Limb::BITS - s;
[INFO] [stdout]      |                         ^ no implementation for `u32 - usize`
[INFO] [stdout]      |
[INFO] [stdout]      = help: the trait `Sub<usize>` is not implemented for `u32`
[INFO] [stdout] 
[INFO] [stdout] 
[INFO] [stdout] error: aborting due to 27 previous errors
[INFO] [stdout] 
[INFO] [stdout] 
[INFO] [stdout] Some errors have detailed explanations: E0277, E0308.
[INFO] [stdout] 
[INFO] [stdout] For more information about an error, try `rustc --explain E0277`.
[INFO] [stdout] 
[INFO] [stderr] error: build failed
[INFO] running `Command { std: "docker" "inspect" "849ab9a538d7300fd8925308951b6da1e554647f0b8d84c3e65ffd1a98a2e0c4", kill_on_drop: false }`
[INFO] running `Command { std: "docker" "rm" "-f" "849ab9a538d7300fd8925308951b6da1e554647f0b8d84c3e65ffd1a98a2e0c4", kill_on_drop: false }`
[INFO] [stdout] 849ab9a538d7300fd8925308951b6da1e554647f0b8d84c3e65ffd1a98a2e0c4
